{"id":26969,"date":"2024-01-31T11:17:03","date_gmt":"2024-01-31T10:17:03","guid":{"rendered":"https:\/\/librosdelzorrorojo.com\/?post_type=product&#038;p=26969"},"modified":"2025-10-08T22:45:37","modified_gmt":"2025-10-08T20:45:37","slug":"auca-del-noi-catala-antifeixista-i-huma","status":"publish","type":"product","link":"https:\/\/librosdelzorrorojo.com\/ca\/cataleg\/auca-del-noi-catala-antifeixista-i-huma\/","title":{"rendered":"Auca del noi catal\u00e0, antifeixista i hum\u00e0"},"content":{"rendered":"<p>En plena Guerra Civil, el Comissariat de Propaganda de Catalunya va inaugurar la seva col\u00b7lecci\u00f3 infantil amb l\u2019<em>Auca del noi catal\u00e0, antifeixista i hum\u00e0<\/em>, amb textos en catal\u00e0, castell\u00e0, franc\u00e8s i angl\u00e8s, com una resposta art\u00edstica i po\u00e8tica, de caire popular, a les dificultats extremes que patia la Segona Rep\u00fablica.<\/p>\n<p><em>L\u2019Auca<\/em> repassa en quaranta-vuit vinyetes bicolors la vida d\u2019un vailet mod\u00e8lic, en Germ\u00e0, des que neix un 19 de juliol \u2014coincident amb el cop d\u2019Estat a Barcelona a mans dels nacionalistes\u2014 fins que \u00e9s enviat al front de Madrid. Mitjan\u00e7ant rodolins, del fot\u00f2graf i editor Pere Catal\u00e0 i Pic, en Germ\u00e0 difon consells i moralitats en el marc quotidi\u00e0 del que es considerava ser \u00abun bon jan, republic\u00e0 i catal\u00e0\u00bb. En aquesta obra singular, destaca el comprom\u00eds pol\u00edtic i ciutad\u00e0 de la Catalunya republicana recolzat en l\u2019ideal de bellesa que el noucentisme considerava fonamental en l\u2019educaci\u00f3.<\/p>\n<p>Les il\u00b7lustracions del mestre Josep Obiols, \u00abl\u2019home c\u00edvic\u00bb, que van servir com instrument de propaganda a l\u2019estranger en contra del feixisme, s\u00f3n una mostra del seu comprom\u00eds a favor de l\u2019ensenyament i la cultura en catal\u00e0.<\/p>\n<p>&nbsp;<\/p>\n<p>&nbsp;<\/p>\n","protected":false},"excerpt":{"rendered":"En plena Guerra Civil, el Comissariat de Propaganda de Catalunya va inaugurar la seva col\u00b7lecci\u00f3 infantil amb l\u2019Auca del noi catal\u00e0, antifeixista i hum\u00e0, amb textos en catal\u00e0, castell\u00e0, franc\u00e8s i angl\u00e8s, com una resposta art\u00edstica i po\u00e8tica, de caire popular, a les dificultats extremes que patia la Segona Rep\u00fablica. L\u2019Auca repassa en quaranta-vuit vinyetes [&hellip;]","protected":false},"featured_media":26967,"template":"","meta":{"_acf_changed":false},"product_brand":[],"product_cat":[840,843,839],"product_tag":[],"class_list":{"0":"post-26969","1":"product","2":"type-product","3":"status-publish","4":"has-post-thumbnail","6":"product_cat-catala","7":"product_cat-infantiles-ca","8":"product_cat-zona-kids-ca","10":"first","11":"instock","12":"taxable","13":"shipping-taxable","14":"purchasable","15":"product-type-simple"},"acf":[],"yoast_head":"<!-- This site is optimized with the Yoast SEO plugin v25.1 - https:\/\/yoast.com\/wordpress\/plugins\/seo\/ -->\n<title>Auca del noi catal\u00e0, antifeixista i hum\u00e0 - Libros del Zorro Rojo<\/title>\n<meta name=\"robots\" content=\"index, follow, max-snippet:-1, max-image-preview:large, max-video-preview:-1\" \/>\n<link rel=\"canonical\" href=\"https:\/\/librosdelzorrorojo.com\/ca\/cataleg\/auca-del-noi-catala-antifeixista-i-huma\/\" \/>\n<meta property=\"og:locale\" content=\"ca_ES\" \/>\n<meta property=\"og:type\" content=\"article\" \/>\n<meta property=\"og:title\" content=\"Auca del noi catal\u00e0, antifeixista i hum\u00e0 - Libros del Zorro Rojo\" \/>\n<meta property=\"og:description\" content=\"En plena Guerra Civil, el Comissariat de Propaganda de Catalunya va inaugurar la seva col\u00b7lecci\u00f3 infantil amb l\u2019Auca del noi catal\u00e0, antifeixista i hum\u00e0, amb textos en catal\u00e0, castell\u00e0, franc\u00e8s i angl\u00e8s, com una resposta art\u00edstica i po\u00e8tica, de caire popular, a les dificultats extremes que patia la Segona Rep\u00fablica. L\u2019Auca repassa en quaranta-vuit vinyetes [&hellip;]\" \/>\n<meta property=\"og:url\" content=\"https:\/\/librosdelzorrorojo.com\/ca\/cataleg\/auca-del-noi-catala-antifeixista-i-huma\/\" \/>\n<meta property=\"og:site_name\" content=\"Libros del Zorro Rojo\" \/>\n<meta property=\"article:modified_time\" content=\"2025-10-08T20:45:37+00:00\" \/>\n<meta property=\"og:image\" content=\"https:\/\/librosdelzorrorojo.com\/wp-content\/uploads\/2023\/12\/COVER_Auca-del-noi-_WEB.jpg\" \/>\n\t<meta property=\"og:image:width\" content=\"850\" \/>\n\t<meta property=\"og:image:height\" content=\"966\" \/>\n\t<meta property=\"og:image:type\" content=\"image\/jpeg\" \/>\n<meta name=\"twitter:card\" content=\"summary_large_image\" \/>\n<meta name=\"twitter:label1\" content=\"Temps estimat de lectura\" \/>\n\t<meta name=\"twitter:data1\" content=\"2 minuts\" \/>\n<script type=\"application\/ld+json\" class=\"yoast-schema-graph\">{\"@context\":\"https:\/\/schema.org\",\"@graph\":[{\"@type\":\"WebPage\",\"@id\":\"https:\/\/librosdelzorrorojo.com\/ca\/cataleg\/auca-del-noi-catala-antifeixista-i-huma\/\",\"url\":\"https:\/\/librosdelzorrorojo.com\/ca\/cataleg\/auca-del-noi-catala-antifeixista-i-huma\/\",\"name\":\"Auca del noi catal\u00e0, antifeixista i hum\u00e0 - Libros del Zorro Rojo\",\"isPartOf\":{\"@id\":\"https:\/\/librosdelzorrorojo.com\/#website\"},\"primaryImageOfPage\":{\"@id\":\"https:\/\/librosdelzorrorojo.com\/ca\/cataleg\/auca-del-noi-catala-antifeixista-i-huma\/#primaryimage\"},\"image\":{\"@id\":\"https:\/\/librosdelzorrorojo.com\/ca\/cataleg\/auca-del-noi-catala-antifeixista-i-huma\/#primaryimage\"},\"thumbnailUrl\":\"https:\/\/librosdelzorrorojo.com\/wp-content\/uploads\/2023\/12\/COVER_Auca-del-noi-_WEB.jpg\",\"datePublished\":\"2024-01-31T10:17:03+00:00\",\"dateModified\":\"2025-10-08T20:45:37+00:00\",\"breadcrumb\":{\"@id\":\"https:\/\/librosdelzorrorojo.com\/ca\/cataleg\/auca-del-noi-catala-antifeixista-i-huma\/#breadcrumb\"},\"inLanguage\":\"ca\",\"potentialAction\":[{\"@type\":\"ReadAction\",\"target\":[\"https:\/\/librosdelzorrorojo.com\/ca\/cataleg\/auca-del-noi-catala-antifeixista-i-huma\/\"]}]},{\"@type\":\"ImageObject\",\"inLanguage\":\"ca\",\"@id\":\"https:\/\/librosdelzorrorojo.com\/ca\/cataleg\/auca-del-noi-catala-antifeixista-i-huma\/#primaryimage\",\"url\":\"https:\/\/librosdelzorrorojo.com\/wp-content\/uploads\/2023\/12\/COVER_Auca-del-noi-_WEB.jpg\",\"contentUrl\":\"https:\/\/librosdelzorrorojo.com\/wp-content\/uploads\/2023\/12\/COVER_Auca-del-noi-_WEB.jpg\",\"width\":850,\"height\":966,\"caption\":\"COVER Auca del noi WEB\"},{\"@type\":\"BreadcrumbList\",\"@id\":\"https:\/\/librosdelzorrorojo.com\/ca\/cataleg\/auca-del-noi-catala-antifeixista-i-huma\/#breadcrumb\",\"itemListElement\":[{\"@type\":\"ListItem\",\"position\":1,\"name\":\"Portada\",\"item\":\"https:\/\/librosdelzorrorojo.com\/ca\/\"},{\"@type\":\"ListItem\",\"position\":2,\"name\":\"Cat\u00e0leg\",\"item\":\"https:\/\/librosdelzorrorojo.com\/ca\/cataleg\/\"},{\"@type\":\"ListItem\",\"position\":3,\"name\":\"Auca del noi catal\u00e0, antifeixista i hum\u00e0\"}]},{\"@type\":\"WebSite\",\"@id\":\"https:\/\/librosdelzorrorojo.com\/#website\",\"url\":\"https:\/\/librosdelzorrorojo.com\/\",\"name\":\"Libros del Zorro Rojo\",\"description\":\"Libros ilustrados\",\"potentialAction\":[{\"@type\":\"SearchAction\",\"target\":{\"@type\":\"EntryPoint\",\"urlTemplate\":\"https:\/\/librosdelzorrorojo.com\/?s={search_term_string}\"},\"query-input\":{\"@type\":\"PropertyValueSpecification\",\"valueRequired\":true,\"valueName\":\"search_term_string\"}}],\"inLanguage\":\"ca\"}]}<\/script>\n<!-- \/ Yoast SEO plugin. -->","yoast_head_json":{"title":"Auca del noi catal\u00e0, antifeixista i hum\u00e0 - Libros del Zorro Rojo","robots":{"index":"index","follow":"follow","max-snippet":"max-snippet:-1","max-image-preview":"max-image-preview:large","max-video-preview":"max-video-preview:-1"},"canonical":"https:\/\/librosdelzorrorojo.com\/ca\/cataleg\/auca-del-noi-catala-antifeixista-i-huma\/","og_locale":"ca_ES","og_type":"article","og_title":"Auca del noi catal\u00e0, antifeixista i hum\u00e0 - Libros del Zorro Rojo","og_description":"En plena Guerra Civil, el Comissariat de Propaganda de Catalunya va inaugurar la seva col\u00b7lecci\u00f3 infantil amb l\u2019Auca del noi catal\u00e0, antifeixista i hum\u00e0, amb textos en catal\u00e0, castell\u00e0, franc\u00e8s i angl\u00e8s, com una resposta art\u00edstica i po\u00e8tica, de caire popular, a les dificultats extremes que patia la Segona Rep\u00fablica. L\u2019Auca repassa en quaranta-vuit vinyetes [&hellip;]","og_url":"https:\/\/librosdelzorrorojo.com\/ca\/cataleg\/auca-del-noi-catala-antifeixista-i-huma\/","og_site_name":"Libros del Zorro Rojo","article_modified_time":"2025-10-08T20:45:37+00:00","og_image":[{"width":850,"height":966,"url":"https:\/\/librosdelzorrorojo.com\/wp-content\/uploads\/2023\/12\/COVER_Auca-del-noi-_WEB.jpg","type":"image\/jpeg"}],"twitter_card":"summary_large_image","twitter_misc":{"Temps estimat de lectura":"2 minuts"},"schema":{"@context":"https:\/\/schema.org","@graph":[{"@type":"WebPage","@id":"https:\/\/librosdelzorrorojo.com\/ca\/cataleg\/auca-del-noi-catala-antifeixista-i-huma\/","url":"https:\/\/librosdelzorrorojo.com\/ca\/cataleg\/auca-del-noi-catala-antifeixista-i-huma\/","name":"Auca del noi catal\u00e0, antifeixista i hum\u00e0 - Libros del Zorro Rojo","isPartOf":{"@id":"https:\/\/librosdelzorrorojo.com\/#website"},"primaryImageOfPage":{"@id":"https:\/\/librosdelzorrorojo.com\/ca\/cataleg\/auca-del-noi-catala-antifeixista-i-huma\/#primaryimage"},"image":{"@id":"https:\/\/librosdelzorrorojo.com\/ca\/cataleg\/auca-del-noi-catala-antifeixista-i-huma\/#primaryimage"},"thumbnailUrl":"https:\/\/librosdelzorrorojo.com\/wp-content\/uploads\/2023\/12\/COVER_Auca-del-noi-_WEB.jpg","datePublished":"2024-01-31T10:17:03+00:00","dateModified":"2025-10-08T20:45:37+00:00","breadcrumb":{"@id":"https:\/\/librosdelzorrorojo.com\/ca\/cataleg\/auca-del-noi-catala-antifeixista-i-huma\/#breadcrumb"},"inLanguage":"ca","potentialAction":[{"@type":"ReadAction","target":["https:\/\/librosdelzorrorojo.com\/ca\/cataleg\/auca-del-noi-catala-antifeixista-i-huma\/"]}]},{"@type":"ImageObject","inLanguage":"ca","@id":"https:\/\/librosdelzorrorojo.com\/ca\/cataleg\/auca-del-noi-catala-antifeixista-i-huma\/#primaryimage","url":"https:\/\/librosdelzorrorojo.com\/wp-content\/uploads\/2023\/12\/COVER_Auca-del-noi-_WEB.jpg","contentUrl":"https:\/\/librosdelzorrorojo.com\/wp-content\/uploads\/2023\/12\/COVER_Auca-del-noi-_WEB.jpg","width":850,"height":966,"caption":"COVER Auca del noi WEB"},{"@type":"BreadcrumbList","@id":"https:\/\/librosdelzorrorojo.com\/ca\/cataleg\/auca-del-noi-catala-antifeixista-i-huma\/#breadcrumb","itemListElement":[{"@type":"ListItem","position":1,"name":"Portada","item":"https:\/\/librosdelzorrorojo.com\/ca\/"},{"@type":"ListItem","position":2,"name":"Cat\u00e0leg","item":"https:\/\/librosdelzorrorojo.com\/ca\/cataleg\/"},{"@type":"ListItem","position":3,"name":"Auca del noi catal\u00e0, antifeixista i hum\u00e0"}]},{"@type":"WebSite","@id":"https:\/\/librosdelzorrorojo.com\/#website","url":"https:\/\/librosdelzorrorojo.com\/","name":"Libros del Zorro Rojo","description":"Libros ilustrados","potentialAction":[{"@type":"SearchAction","target":{"@type":"EntryPoint","urlTemplate":"https:\/\/librosdelzorrorojo.com\/?s={search_term_string}"},"query-input":{"@type":"PropertyValueSpecification","valueRequired":true,"valueName":"search_term_string"}}],"inLanguage":"ca"}]}},"_links":{"self":[{"href":"https:\/\/librosdelzorrorojo.com\/ca\/wp-json\/wp\/v2\/product\/26969","targetHints":{"allow":["GET"]}}],"collection":[{"href":"https:\/\/librosdelzorrorojo.com\/ca\/wp-json\/wp\/v2\/product"}],"about":[{"href":"https:\/\/librosdelzorrorojo.com\/ca\/wp-json\/wp\/v2\/types\/product"}],"wp:featuredmedia":[{"embeddable":true,"href":"https:\/\/librosdelzorrorojo.com\/ca\/wp-json\/wp\/v2\/media\/26967"}],"wp:attachment":[{"href":"https:\/\/librosdelzorrorojo.com\/ca\/wp-json\/wp\/v2\/media?parent=26969"}],"wp:term":[{"taxonomy":"product_brand","embeddable":true,"href":"https:\/\/librosdelzorrorojo.com\/ca\/wp-json\/wp\/v2\/product_brand?post=26969"},{"taxonomy":"product_cat","embeddable":true,"href":"https:\/\/librosdelzorrorojo.com\/ca\/wp-json\/wp\/v2\/product_cat?post=26969"},{"taxonomy":"product_tag","embeddable":true,"href":"https:\/\/librosdelzorrorojo.com\/ca\/wp-json\/wp\/v2\/product_tag?post=26969"}],"curies":[{"name":"wp","href":"https:\/\/api.w.org\/{rel}","templated":true}]}}

Auca del noi català, antifeixista i humà

<p>En plena Guerra Civil, el Comissariat de Propaganda de Catalunya va inaugurar la seva col·lecció infantil amb l’<em>Auca del noi català, antifeixista i humà</em>, amb textos en català, castellà, francès i anglès, com una resposta artística i poètica, de caire popular, a les dificultats extremes que patia la Segona República.</p>
<p><em>L’Auca</em> repassa en quaranta-vuit vinyetes bicolors la vida d’un vailet modèlic, en Germà, des que neix un 19 de juliol —coincident amb el cop d’Estat a Barcelona a mans dels nacionalistes— fins que és enviat al front de Madrid. Mitjançant rodolins, del fotògraf i editor Pere Català i Pic, en Germà difon consells i moralitats en el marc quotidià del que es considerava ser «un bon jan, republicà i català». En aquesta obra singular, destaca el compromís polític i ciutadà de la Catalunya republicana recolzat en l’ideal de bellesa que el noucentisme considerava fonamental en l’educació.</p>
<p>Les il·lustracions del mestre Josep Obiols, «l’home cívic», que van servir com instrument de propaganda a l’estranger en contra del feixisme, són una mostra del seu compromís a favor de l’ensenyament i la cultura en català.</p>
<p>&nbsp;</p>
<p>&nbsp;</p>

En plena Guerra Civil, el Comissariat de Propaganda de Catalunya va inaugurar la seva col·lecció infantil amb l’Auca del noi català, antifeixista i humà, amb textos en català, castellà, francès i anglès, com una resposta artística i poètica, de caire popular, a les dificultats extremes que patia la Segona República. L’Auca repassa en quaranta-vuit vinyetes [&hellip;]

<!-- This site is optimized with the Yoast SEO plugin v25.1 - https://yoast.com/wordpress/plugins/seo/ -->
<title>Auca del noi català, antifeixista i humà - Libros del Zorro Rojo</title>
<meta name="robots" content="index, follow, max-snippet:-1, max-image-preview:large, max-video-preview:-1" />
<link rel="canonical" href="https://librosdelzorrorojo.com/ca/cataleg/auca-del-noi-catala-antifeixista-i-huma/" />
<meta property="og:locale" content="ca_ES" />
<meta property="og:type" content="article" />
<meta property="og:title" content="Auca del noi català, antifeixista i humà - Libros del Zorro Rojo" />
<meta property="og:description" content="En plena Guerra Civil, el Comissariat de Propaganda de Catalunya va inaugurar la seva col·lecció infantil amb l’Auca del noi català, antifeixista i humà, amb textos en català, castellà, francès i anglès, com una resposta artística i poètica, de caire popular, a les dificultats extremes que patia la Segona República. L’Auca repassa en quaranta-vuit vinyetes [&hellip;]" />
<meta property="og:url" content="https://librosdelzorrorojo.com/ca/cataleg/auca-del-noi-catala-antifeixista-i-huma/" />
<meta property="og:site_name" content="Libros del Zorro Rojo" />
<meta property="article:modified_time" content="2025-10-08T20:45:37+00:00" />
<meta property="og:image" content="https://librosdelzorrorojo.com/wp-content/uploads/2023/12/COVER_Auca-del-noi-_WEB.jpg" />
	<meta property="og:image:width" content="850" />
	<meta property="og:image:height" content="966" />
	<meta property="og:image:type" content="image/jpeg" />
<meta name="twitter:card" content="summary_large_image" />
<meta name="twitter:label1" content="Temps estimat de lectura" />
	<meta name="twitter:data1" content="2 minuts" />
<script type="application/ld+json" class="yoast-schema-graph">{"@context":"https://schema.org","@graph":[{"@type":"WebPage","@id":"https://librosdelzorrorojo.com/ca/cataleg/auca-del-noi-catala-antifeixista-i-huma/","url":"https://librosdelzorrorojo.com/ca/cataleg/auca-del-noi-catala-antifeixista-i-huma/","name":"Auca del noi català, antifeixista i humà - Libros del Zorro Rojo","isPartOf":{"@id":"https://librosdelzorrorojo.com/#website"},"primaryImageOfPage":{"@id":"https://librosdelzorrorojo.com/ca/cataleg/auca-del-noi-catala-antifeixista-i-huma/#primaryimage"},"image":{"@id":"https://librosdelzorrorojo.com/ca/cataleg/auca-del-noi-catala-antifeixista-i-huma/#primaryimage"},"thumbnailUrl":"https://librosdelzorrorojo.com/wp-content/uploads/2023/12/COVER_Auca-del-noi-_WEB.jpg","datePublished":"2024-01-31T10:17:03+00:00","dateModified":"2025-10-08T20:45:37+00:00","breadcrumb":{"@id":"https://librosdelzorrorojo.com/ca/cataleg/auca-del-noi-catala-antifeixista-i-huma/#breadcrumb"},"inLanguage":"ca","potentialAction":[{"@type":"ReadAction","target":["https://librosdelzorrorojo.com/ca/cataleg/auca-del-noi-catala-antifeixista-i-huma/"]}]},{"@type":"ImageObject","inLanguage":"ca","@id":"https://librosdelzorrorojo.com/ca/cataleg/auca-del-noi-catala-antifeixista-i-huma/#primaryimage","url":"https://librosdelzorrorojo.com/wp-content/uploads/2023/12/COVER_Auca-del-noi-_WEB.jpg","contentUrl":"https://librosdelzorrorojo.com/wp-content/uploads/2023/12/COVER_Auca-del-noi-_WEB.jpg","width":850,"height":966,"caption":"COVER Auca del noi WEB"},{"@type":"BreadcrumbList","@id":"https://librosdelzorrorojo.com/ca/cataleg/auca-del-noi-catala-antifeixista-i-huma/#breadcrumb","itemListElement":[{"@type":"ListItem","position":1,"name":"Portada","item":"https://librosdelzorrorojo.com/ca/"},{"@type":"ListItem","position":2,"name":"Catàleg","item":"https://librosdelzorrorojo.com/ca/cataleg/"},{"@type":"ListItem","position":3,"name":"Auca del noi català, antifeixista i humà"}]},{"@type":"WebSite","@id":"https://librosdelzorrorojo.com/#website","url":"https://librosdelzorrorojo.com/","name":"Libros del Zorro Rojo","description":"Libros ilustrados","potentialAction":[{"@type":"SearchAction","target":{"@type":"EntryPoint","urlTemplate":"https://librosdelzorrorojo.com/?s={search_term_string}"},"query-input":{"@type":"PropertyValueSpecification","valueRequired":true,"valueName":"search_term_string"}}],"inLanguage":"ca"}]}</script>
<!-- / Yoast SEO plugin. -->

Auca del noi català, antifeixista i humà - Libros del Zorro Rojo

Catàleg
