{"id":26572,"date":"2023-10-25T10:58:42","date_gmt":"2023-10-25T08:58:42","guid":{"rendered":"https:\/\/librosdelzorrorojo.com\/catalogo\/siete-mares-el-mundo-de-los-oceanos-y-las-costas\/"},"modified":"2024-12-13T11:48:17","modified_gmt":"2024-12-13T10:48:17","slug":"siete-mares-el-mundo-de-los-oceanos-y-las-costas","status":"publish","type":"product","link":"https:\/\/librosdelzorrorojo.com\/ca\/cataleg\/siete-mares-el-mundo-de-los-oceanos-y-las-costas\/","title":{"rendered":"Siete mares. El mundo de los oc\u00e9anos y las costas"},"content":{"rendered":"<div>\n<p><span lang=\"ES-TRAD\">\u00a1Navegantes, ha llegado la hora de levar anclas! Adentr\u00e9monos en el secreto de los siete mares y los oc\u00e9anos del planeta. \u00bfSab\u00edais que un mar fue la cuna de la civilizaci\u00f3n occidental? \u00bfO cu\u00e1ndo y c\u00f3mo se construyeron los primeros faros? \u00bfTen\u00e9is idea de cu\u00e1ntos kil\u00f3metros de costa ba\u00f1an el Pac\u00edfico? <\/span><\/p>\n<p><span lang=\"ES-TRAD\">\u00a0<\/span><span lang=\"ES-TRAD\">Este libro de gran formato habla de las aguas del mundo, y no se olvida de las costas, esas franjas de agua y tierra en las que tal vez no reparamos demasiado pero que han moldeado la vida en el planeta. Aqu\u00ed surcaremos las aguas del Mediterr\u00e1neo hasta Waikiki, recorreremos la Gran Barrera de Coral y sabremos c\u00f3mo son los grandes barcos de vela. En sus p\u00e1ginas encontraremos criaturas mitol\u00f3gicas, piratas, fareras, artistas, marineros tatuados, pescadores de ayer y de hoy, e incluso unos bosques de agua salada muy peculiares, que llamamos manglares. Tambi\u00e9n se habla de un desastre \u00abejemplar\u00bb, el del Prestige en costas gallegas. <i>Nunca m\u00e1is.<\/i><\/span><\/p>\n<p><img decoding=\"async\" src=\"https:\/\/librosdelzorrorojo.com\/wp-content\/uploads\/2024\/10\/ICEC.jpg\" alt=\"\" width=\"380\" height=\"85\" class=\"alignnone size-full wp-image-29095\" \/><\/p>\n<\/div>\n","protected":false},"excerpt":{"rendered":"\u00a1Navegantes, ha llegado la hora de levar anclas! Adentr\u00e9monos en el secreto de los siete mares y los oc\u00e9anos del planeta. \u00bfSab\u00edais que un mar fue la cuna de la civilizaci\u00f3n occidental? \u00bfO cu\u00e1ndo y c\u00f3mo se construyeron los primeros faros? \u00bfTen\u00e9is idea de cu\u00e1ntos kil\u00f3metros de costa ba\u00f1an el Pac\u00edfico? \u00a0Este libro de gran [&hellip;]","protected":false},"featured_media":26560,"template":"","meta":{"_acf_changed":false},"product_brand":[],"product_cat":[844,843,839],"product_tag":[],"class_list":{"0":"post-26572","1":"product","2":"type-product","3":"status-publish","4":"has-post-thumbnail","6":"product_cat-castella","7":"product_cat-infantiles-ca","8":"product_cat-zona-kids-ca","10":"first","11":"instock","12":"taxable","13":"shipping-taxable","14":"purchasable","15":"product-type-simple"},"acf":[],"yoast_head":"<!-- This site is optimized with the Yoast SEO plugin v25.1 - https:\/\/yoast.com\/wordpress\/plugins\/seo\/ -->\n<title>Siete mares. El mundo de los oc\u00e9anos y las costas - Libros del Zorro Rojo<\/title>\n<meta name=\"robots\" content=\"index, follow, max-snippet:-1, max-image-preview:large, max-video-preview:-1\" \/>\n<link rel=\"canonical\" href=\"https:\/\/librosdelzorrorojo.com\/ca\/cataleg\/siete-mares-el-mundo-de-los-oceanos-y-las-costas\/\" \/>\n<meta property=\"og:locale\" content=\"ca_ES\" \/>\n<meta property=\"og:type\" content=\"article\" \/>\n<meta property=\"og:title\" content=\"Siete mares. El mundo de los oc\u00e9anos y las costas - Libros del Zorro Rojo\" \/>\n<meta property=\"og:description\" content=\"\u00a1Navegantes, ha llegado la hora de levar anclas! Adentr\u00e9monos en el secreto de los siete mares y los oc\u00e9anos del planeta. \u00bfSab\u00edais que un mar fue la cuna de la civilizaci\u00f3n occidental? \u00bfO cu\u00e1ndo y c\u00f3mo se construyeron los primeros faros? \u00bfTen\u00e9is idea de cu\u00e1ntos kil\u00f3metros de costa ba\u00f1an el Pac\u00edfico? \u00a0Este libro de gran [&hellip;]\" \/>\n<meta property=\"og:url\" content=\"https:\/\/librosdelzorrorojo.com\/ca\/cataleg\/siete-mares-el-mundo-de-los-oceanos-y-las-costas\/\" \/>\n<meta property=\"og:site_name\" content=\"Libros del Zorro Rojo\" \/>\n<meta property=\"article:modified_time\" content=\"2024-12-13T10:48:17+00:00\" \/>\n<meta property=\"og:image\" content=\"https:\/\/librosdelzorrorojo.com\/wp-content\/uploads\/2023\/10\/Portada_Mares-WEB.jpg\" \/>\n\t<meta property=\"og:image:width\" content=\"850\" \/>\n\t<meta property=\"og:image:height\" content=\"1176\" \/>\n\t<meta property=\"og:image:type\" content=\"image\/jpeg\" \/>\n<meta name=\"twitter:card\" content=\"summary_large_image\" \/>\n<meta name=\"twitter:label1\" content=\"Temps estimat de lectura\" \/>\n\t<meta name=\"twitter:data1\" content=\"1 minut\" \/>\n<script type=\"application\/ld+json\" class=\"yoast-schema-graph\">{\"@context\":\"https:\/\/schema.org\",\"@graph\":[{\"@type\":\"WebPage\",\"@id\":\"https:\/\/librosdelzorrorojo.com\/ca\/cataleg\/siete-mares-el-mundo-de-los-oceanos-y-las-costas\/\",\"url\":\"https:\/\/librosdelzorrorojo.com\/ca\/cataleg\/siete-mares-el-mundo-de-los-oceanos-y-las-costas\/\",\"name\":\"Siete mares. El mundo de los oc\u00e9anos y las costas - Libros del Zorro Rojo\",\"isPartOf\":{\"@id\":\"https:\/\/librosdelzorrorojo.com\/#website\"},\"primaryImageOfPage\":{\"@id\":\"https:\/\/librosdelzorrorojo.com\/ca\/cataleg\/siete-mares-el-mundo-de-los-oceanos-y-las-costas\/#primaryimage\"},\"image\":{\"@id\":\"https:\/\/librosdelzorrorojo.com\/ca\/cataleg\/siete-mares-el-mundo-de-los-oceanos-y-las-costas\/#primaryimage\"},\"thumbnailUrl\":\"https:\/\/librosdelzorrorojo.com\/wp-content\/uploads\/2023\/10\/Portada_Mares-WEB.jpg\",\"datePublished\":\"2023-10-25T08:58:42+00:00\",\"dateModified\":\"2024-12-13T10:48:17+00:00\",\"breadcrumb\":{\"@id\":\"https:\/\/librosdelzorrorojo.com\/ca\/cataleg\/siete-mares-el-mundo-de-los-oceanos-y-las-costas\/#breadcrumb\"},\"inLanguage\":\"ca\",\"potentialAction\":[{\"@type\":\"ReadAction\",\"target\":[\"https:\/\/librosdelzorrorojo.com\/ca\/cataleg\/siete-mares-el-mundo-de-los-oceanos-y-las-costas\/\"]}]},{\"@type\":\"ImageObject\",\"inLanguage\":\"ca\",\"@id\":\"https:\/\/librosdelzorrorojo.com\/ca\/cataleg\/siete-mares-el-mundo-de-los-oceanos-y-las-costas\/#primaryimage\",\"url\":\"https:\/\/librosdelzorrorojo.com\/wp-content\/uploads\/2023\/10\/Portada_Mares-WEB.jpg\",\"contentUrl\":\"https:\/\/librosdelzorrorojo.com\/wp-content\/uploads\/2023\/10\/Portada_Mares-WEB.jpg\",\"width\":850,\"height\":1176,\"caption\":\"Portada Mares WEB\"},{\"@type\":\"BreadcrumbList\",\"@id\":\"https:\/\/librosdelzorrorojo.com\/ca\/cataleg\/siete-mares-el-mundo-de-los-oceanos-y-las-costas\/#breadcrumb\",\"itemListElement\":[{\"@type\":\"ListItem\",\"position\":1,\"name\":\"Portada\",\"item\":\"https:\/\/librosdelzorrorojo.com\/ca\/\"},{\"@type\":\"ListItem\",\"position\":2,\"name\":\"Cat\u00e0leg\",\"item\":\"https:\/\/librosdelzorrorojo.com\/ca\/cataleg\/\"},{\"@type\":\"ListItem\",\"position\":3,\"name\":\"Siete mares. El mundo de los oc\u00e9anos y las costas\"}]},{\"@type\":\"WebSite\",\"@id\":\"https:\/\/librosdelzorrorojo.com\/#website\",\"url\":\"https:\/\/librosdelzorrorojo.com\/\",\"name\":\"Libros del Zorro Rojo\",\"description\":\"Libros ilustrados\",\"potentialAction\":[{\"@type\":\"SearchAction\",\"target\":{\"@type\":\"EntryPoint\",\"urlTemplate\":\"https:\/\/librosdelzorrorojo.com\/?s={search_term_string}\"},\"query-input\":{\"@type\":\"PropertyValueSpecification\",\"valueRequired\":true,\"valueName\":\"search_term_string\"}}],\"inLanguage\":\"ca\"}]}<\/script>\n<!-- \/ Yoast SEO plugin. -->","yoast_head_json":{"title":"Siete mares. El mundo de los oc\u00e9anos y las costas - Libros del Zorro Rojo","robots":{"index":"index","follow":"follow","max-snippet":"max-snippet:-1","max-image-preview":"max-image-preview:large","max-video-preview":"max-video-preview:-1"},"canonical":"https:\/\/librosdelzorrorojo.com\/ca\/cataleg\/siete-mares-el-mundo-de-los-oceanos-y-las-costas\/","og_locale":"ca_ES","og_type":"article","og_title":"Siete mares. El mundo de los oc\u00e9anos y las costas - Libros del Zorro Rojo","og_description":"\u00a1Navegantes, ha llegado la hora de levar anclas! Adentr\u00e9monos en el secreto de los siete mares y los oc\u00e9anos del planeta. \u00bfSab\u00edais que un mar fue la cuna de la civilizaci\u00f3n occidental? \u00bfO cu\u00e1ndo y c\u00f3mo se construyeron los primeros faros? \u00bfTen\u00e9is idea de cu\u00e1ntos kil\u00f3metros de costa ba\u00f1an el Pac\u00edfico? \u00a0Este libro de gran [&hellip;]","og_url":"https:\/\/librosdelzorrorojo.com\/ca\/cataleg\/siete-mares-el-mundo-de-los-oceanos-y-las-costas\/","og_site_name":"Libros del Zorro Rojo","article_modified_time":"2024-12-13T10:48:17+00:00","og_image":[{"width":850,"height":1176,"url":"https:\/\/librosdelzorrorojo.com\/wp-content\/uploads\/2023\/10\/Portada_Mares-WEB.jpg","type":"image\/jpeg"}],"twitter_card":"summary_large_image","twitter_misc":{"Temps estimat de lectura":"1 minut"},"schema":{"@context":"https:\/\/schema.org","@graph":[{"@type":"WebPage","@id":"https:\/\/librosdelzorrorojo.com\/ca\/cataleg\/siete-mares-el-mundo-de-los-oceanos-y-las-costas\/","url":"https:\/\/librosdelzorrorojo.com\/ca\/cataleg\/siete-mares-el-mundo-de-los-oceanos-y-las-costas\/","name":"Siete mares. El mundo de los oc\u00e9anos y las costas - Libros del Zorro Rojo","isPartOf":{"@id":"https:\/\/librosdelzorrorojo.com\/#website"},"primaryImageOfPage":{"@id":"https:\/\/librosdelzorrorojo.com\/ca\/cataleg\/siete-mares-el-mundo-de-los-oceanos-y-las-costas\/#primaryimage"},"image":{"@id":"https:\/\/librosdelzorrorojo.com\/ca\/cataleg\/siete-mares-el-mundo-de-los-oceanos-y-las-costas\/#primaryimage"},"thumbnailUrl":"https:\/\/librosdelzorrorojo.com\/wp-content\/uploads\/2023\/10\/Portada_Mares-WEB.jpg","datePublished":"2023-10-25T08:58:42+00:00","dateModified":"2024-12-13T10:48:17+00:00","breadcrumb":{"@id":"https:\/\/librosdelzorrorojo.com\/ca\/cataleg\/siete-mares-el-mundo-de-los-oceanos-y-las-costas\/#breadcrumb"},"inLanguage":"ca","potentialAction":[{"@type":"ReadAction","target":["https:\/\/librosdelzorrorojo.com\/ca\/cataleg\/siete-mares-el-mundo-de-los-oceanos-y-las-costas\/"]}]},{"@type":"ImageObject","inLanguage":"ca","@id":"https:\/\/librosdelzorrorojo.com\/ca\/cataleg\/siete-mares-el-mundo-de-los-oceanos-y-las-costas\/#primaryimage","url":"https:\/\/librosdelzorrorojo.com\/wp-content\/uploads\/2023\/10\/Portada_Mares-WEB.jpg","contentUrl":"https:\/\/librosdelzorrorojo.com\/wp-content\/uploads\/2023\/10\/Portada_Mares-WEB.jpg","width":850,"height":1176,"caption":"Portada Mares WEB"},{"@type":"BreadcrumbList","@id":"https:\/\/librosdelzorrorojo.com\/ca\/cataleg\/siete-mares-el-mundo-de-los-oceanos-y-las-costas\/#breadcrumb","itemListElement":[{"@type":"ListItem","position":1,"name":"Portada","item":"https:\/\/librosdelzorrorojo.com\/ca\/"},{"@type":"ListItem","position":2,"name":"Cat\u00e0leg","item":"https:\/\/librosdelzorrorojo.com\/ca\/cataleg\/"},{"@type":"ListItem","position":3,"name":"Siete mares. El mundo de los oc\u00e9anos y las costas"}]},{"@type":"WebSite","@id":"https:\/\/librosdelzorrorojo.com\/#website","url":"https:\/\/librosdelzorrorojo.com\/","name":"Libros del Zorro Rojo","description":"Libros ilustrados","potentialAction":[{"@type":"SearchAction","target":{"@type":"EntryPoint","urlTemplate":"https:\/\/librosdelzorrorojo.com\/?s={search_term_string}"},"query-input":{"@type":"PropertyValueSpecification","valueRequired":true,"valueName":"search_term_string"}}],"inLanguage":"ca"}]}},"_links":{"self":[{"href":"https:\/\/librosdelzorrorojo.com\/ca\/wp-json\/wp\/v2\/product\/26572","targetHints":{"allow":["GET"]}}],"collection":[{"href":"https:\/\/librosdelzorrorojo.com\/ca\/wp-json\/wp\/v2\/product"}],"about":[{"href":"https:\/\/librosdelzorrorojo.com\/ca\/wp-json\/wp\/v2\/types\/product"}],"wp:featuredmedia":[{"embeddable":true,"href":"https:\/\/librosdelzorrorojo.com\/ca\/wp-json\/wp\/v2\/media\/26560"}],"wp:attachment":[{"href":"https:\/\/librosdelzorrorojo.com\/ca\/wp-json\/wp\/v2\/media?parent=26572"}],"wp:term":[{"taxonomy":"product_brand","embeddable":true,"href":"https:\/\/librosdelzorrorojo.com\/ca\/wp-json\/wp\/v2\/product_brand?post=26572"},{"taxonomy":"product_cat","embeddable":true,"href":"https:\/\/librosdelzorrorojo.com\/ca\/wp-json\/wp\/v2\/product_cat?post=26572"},{"taxonomy":"product_tag","embeddable":true,"href":"https:\/\/librosdelzorrorojo.com\/ca\/wp-json\/wp\/v2\/product_tag?post=26572"}],"curies":[{"name":"wp","href":"https:\/\/api.w.org\/{rel}","templated":true}]}}

Siete mares. El mundo de los océanos y las costas

<div>
<p><span lang="ES-TRAD">¡Navegantes, ha llegado la hora de levar anclas! Adentrémonos en el secreto de los siete mares y los océanos del planeta. ¿Sabíais que un mar fue la cuna de la civilización occidental? ¿O cuándo y cómo se construyeron los primeros faros? ¿Tenéis idea de cuántos kilómetros de costa bañan el Pacífico? </span></p>
<p><span lang="ES-TRAD"> </span><span lang="ES-TRAD">Este libro de gran formato habla de las aguas del mundo, y no se olvida de las costas, esas franjas de agua y tierra en las que tal vez no reparamos demasiado pero que han moldeado la vida en el planeta. Aquí surcaremos las aguas del Mediterráneo hasta Waikiki, recorreremos la Gran Barrera de Coral y sabremos cómo son los grandes barcos de vela. En sus páginas encontraremos criaturas mitológicas, piratas, fareras, artistas, marineros tatuados, pescadores de ayer y de hoy, e incluso unos bosques de agua salada muy peculiares, que llamamos manglares. También se habla de un desastre «ejemplar», el del Prestige en costas gallegas. <i>Nunca máis.</i></span></p>
<p><img decoding="async" src="https://librosdelzorrorojo.com/wp-content/uploads/2024/10/ICEC.jpg" alt="" width="380" height="85" class="alignnone size-full wp-image-29095" /></p>
</div>

¡Navegantes, ha llegado la hora de levar anclas! Adentrémonos en el secreto de los siete mares y los océanos del planeta. ¿Sabíais que un mar fue la cuna de la civilización occidental? ¿O cuándo y cómo se construyeron los primeros faros? ¿Tenéis idea de cuántos kilómetros de costa bañan el Pacífico?  Este libro de gran [&hellip;]

<!-- This site is optimized with the Yoast SEO plugin v25.1 - https://yoast.com/wordpress/plugins/seo/ -->
<title>Siete mares. El mundo de los océanos y las costas - Libros del Zorro Rojo</title>
<meta name="robots" content="index, follow, max-snippet:-1, max-image-preview:large, max-video-preview:-1" />
<link rel="canonical" href="https://librosdelzorrorojo.com/ca/cataleg/siete-mares-el-mundo-de-los-oceanos-y-las-costas/" />
<meta property="og:locale" content="ca_ES" />
<meta property="og:type" content="article" />
<meta property="og:title" content="Siete mares. El mundo de los océanos y las costas - Libros del Zorro Rojo" />
<meta property="og:description" content="¡Navegantes, ha llegado la hora de levar anclas! Adentrémonos en el secreto de los siete mares y los océanos del planeta. ¿Sabíais que un mar fue la cuna de la civilización occidental? ¿O cuándo y cómo se construyeron los primeros faros? ¿Tenéis idea de cuántos kilómetros de costa bañan el Pacífico?  Este libro de gran [&hellip;]" />
<meta property="og:url" content="https://librosdelzorrorojo.com/ca/cataleg/siete-mares-el-mundo-de-los-oceanos-y-las-costas/" />
<meta property="og:site_name" content="Libros del Zorro Rojo" />
<meta property="article:modified_time" content="2024-12-13T10:48:17+00:00" />
<meta property="og:image" content="https://librosdelzorrorojo.com/wp-content/uploads/2023/10/Portada_Mares-WEB.jpg" />
	<meta property="og:image:width" content="850" />
	<meta property="og:image:height" content="1176" />
	<meta property="og:image:type" content="image/jpeg" />
<meta name="twitter:card" content="summary_large_image" />
<meta name="twitter:label1" content="Temps estimat de lectura" />
	<meta name="twitter:data1" content="1 minut" />
<script type="application/ld+json" class="yoast-schema-graph">{"@context":"https://schema.org","@graph":[{"@type":"WebPage","@id":"https://librosdelzorrorojo.com/ca/cataleg/siete-mares-el-mundo-de-los-oceanos-y-las-costas/","url":"https://librosdelzorrorojo.com/ca/cataleg/siete-mares-el-mundo-de-los-oceanos-y-las-costas/","name":"Siete mares. El mundo de los océanos y las costas - Libros del Zorro Rojo","isPartOf":{"@id":"https://librosdelzorrorojo.com/#website"},"primaryImageOfPage":{"@id":"https://librosdelzorrorojo.com/ca/cataleg/siete-mares-el-mundo-de-los-oceanos-y-las-costas/#primaryimage"},"image":{"@id":"https://librosdelzorrorojo.com/ca/cataleg/siete-mares-el-mundo-de-los-oceanos-y-las-costas/#primaryimage"},"thumbnailUrl":"https://librosdelzorrorojo.com/wp-content/uploads/2023/10/Portada_Mares-WEB.jpg","datePublished":"2023-10-25T08:58:42+00:00","dateModified":"2024-12-13T10:48:17+00:00","breadcrumb":{"@id":"https://librosdelzorrorojo.com/ca/cataleg/siete-mares-el-mundo-de-los-oceanos-y-las-costas/#breadcrumb"},"inLanguage":"ca","potentialAction":[{"@type":"ReadAction","target":["https://librosdelzorrorojo.com/ca/cataleg/siete-mares-el-mundo-de-los-oceanos-y-las-costas/"]}]},{"@type":"ImageObject","inLanguage":"ca","@id":"https://librosdelzorrorojo.com/ca/cataleg/siete-mares-el-mundo-de-los-oceanos-y-las-costas/#primaryimage","url":"https://librosdelzorrorojo.com/wp-content/uploads/2023/10/Portada_Mares-WEB.jpg","contentUrl":"https://librosdelzorrorojo.com/wp-content/uploads/2023/10/Portada_Mares-WEB.jpg","width":850,"height":1176,"caption":"Portada Mares WEB"},{"@type":"BreadcrumbList","@id":"https://librosdelzorrorojo.com/ca/cataleg/siete-mares-el-mundo-de-los-oceanos-y-las-costas/#breadcrumb","itemListElement":[{"@type":"ListItem","position":1,"name":"Portada","item":"https://librosdelzorrorojo.com/ca/"},{"@type":"ListItem","position":2,"name":"Catàleg","item":"https://librosdelzorrorojo.com/ca/cataleg/"},{"@type":"ListItem","position":3,"name":"Siete mares. El mundo de los océanos y las costas"}]},{"@type":"WebSite","@id":"https://librosdelzorrorojo.com/#website","url":"https://librosdelzorrorojo.com/","name":"Libros del Zorro Rojo","description":"Libros ilustrados","potentialAction":[{"@type":"SearchAction","target":{"@type":"EntryPoint","urlTemplate":"https://librosdelzorrorojo.com/?s={search_term_string}"},"query-input":{"@type":"PropertyValueSpecification","valueRequired":true,"valueName":"search_term_string"}}],"inLanguage":"ca"}]}</script>
<!-- / Yoast SEO plugin. -->

Siete mares. El mundo de los océanos y las costas - Libros del Zorro Rojo

Catàleg
