{"id":17566,"date":"2020-09-17T15:20:44","date_gmt":"2020-09-17T13:20:44","guid":{"rendered":"https:\/\/librosdelzorrorojo.com\/?post_type=product&#038;p=17566"},"modified":"2024-03-01T09:20:42","modified_gmt":"2024-03-01T08:20:42","slug":"perdut-a-la-ciutat","status":"publish","type":"product","link":"https:\/\/librosdelzorrorojo.com\/ca\/cataleg\/perdut-a-la-ciutat\/","title":{"rendered":"Perdut a la ciutat"},"content":{"rendered":"<p class=\"p1\">En un dia de neu, un nen salta d\u2019un bus i camina entre edificis alt\u00edssims, parcs i carrers plens de gom a gom. No sabem cap a on es dirigeix ni per qu\u00e8. Caminar sol per la gran ciutat pot ser aterridor si ets petit. \u00abLa gent no et veu i el soroll \u00e9s tan fort que sovint espanta. Fins i tot \u00e9s dif\u00edcil saber cap a on anar o qu\u00e8 fer.\u00bb<\/p>\n<p class=\"p1\">Per aix\u00f2, a mesura que recorre el barri, el protagonista observa atentament el que l\u2019envolta i es dedica a donar amables consells a un amic que no veiem, per\u00f2 que intu\u00efm. Aquestes recomanacions inclouen algunes precaucions que cal prendre en aquest laberint de carrers i bullici, a m\u00e9s d\u2019indicacions clares sobre quins s\u00f3n els racons on segur que podr\u00e0 trobar una cara amable, escalfar-se els dies de fred o escoltar m\u00fasica&#8230;<\/p>\n<p class=\"p1\">Quan el nen torna cap a casa \u2014el lloc m\u00e9s segur i tranquil\u2014 la hist\u00f2ria fa un gir i descobrim qu\u00e8 era el que estava buscant i no trobava mentre caminava sota la neu.<\/p>\n","protected":false},"excerpt":{"rendered":"En un dia de neu, un nen salta d\u2019un bus i camina entre edificis alt\u00edssims, parcs i carrers plens de gom a gom. No sabem cap a on es dirigeix ni per qu\u00e8. Caminar sol per la gran ciutat pot ser aterridor si ets petit. \u00abLa gent no et veu i el soroll \u00e9s tan [&hellip;]","protected":false},"featured_media":17543,"template":"","meta":{"_acf_changed":false},"product_brand":[],"product_cat":[840,839],"product_tag":[],"class_list":{"0":"post-17566","1":"product","2":"type-product","3":"status-publish","4":"has-post-thumbnail","6":"product_cat-catala","7":"product_cat-zona-kids-ca","8":"vinculo-perdido-en-la-ciudad","10":"first","11":"instock","12":"taxable","13":"shipping-taxable","14":"purchasable","15":"product-type-simple"},"acf":[],"yoast_head":"<!-- This site is optimized with the Yoast SEO plugin v25.1 - https:\/\/yoast.com\/wordpress\/plugins\/seo\/ -->\n<title>Perdut a la ciutat - Libros del Zorro Rojo<\/title>\n<meta name=\"description\" content=\"En un dia de neu, un nen salta d\u2019un bus i camina entre edificis alt\u00edssims, parcs i carrers plens de gom a gom. No sabem cap a on es dirigeix ni per qu\u00e8.\" \/>\n<meta name=\"robots\" content=\"index, follow, max-snippet:-1, max-image-preview:large, max-video-preview:-1\" \/>\n<link rel=\"canonical\" href=\"https:\/\/librosdelzorrorojo.com\/ca\/cataleg\/perdut-a-la-ciutat\/\" \/>\n<meta property=\"og:locale\" content=\"ca_ES\" \/>\n<meta property=\"og:type\" content=\"article\" \/>\n<meta property=\"og:title\" content=\"Perdut a la ciutat - Libros del Zorro Rojo\" \/>\n<meta property=\"og:description\" content=\"En un dia de neu, un nen salta d\u2019un bus i camina entre edificis alt\u00edssims, parcs i carrers plens de gom a gom. No sabem cap a on es dirigeix ni per qu\u00e8.\" \/>\n<meta property=\"og:url\" content=\"https:\/\/librosdelzorrorojo.com\/ca\/cataleg\/perdut-a-la-ciutat\/\" \/>\n<meta property=\"og:site_name\" content=\"Libros del Zorro Rojo\" \/>\n<meta property=\"article:modified_time\" content=\"2024-03-01T08:20:42+00:00\" \/>\n<meta property=\"og:image\" content=\"https:\/\/librosdelzorrorojo.com\/wp-content\/uploads\/2020\/08\/Perdido-en-la-ciudad_1200x1200_07.jpg\" \/>\n\t<meta property=\"og:image:width\" content=\"1200\" \/>\n\t<meta property=\"og:image:height\" content=\"1200\" \/>\n\t<meta property=\"og:image:type\" content=\"image\/jpeg\" \/>\n<meta name=\"twitter:card\" content=\"summary_large_image\" \/>\n<meta name=\"twitter:label1\" content=\"Temps estimat de lectura\" \/>\n\t<meta name=\"twitter:data1\" content=\"1 minut\" \/>\n<script type=\"application\/ld+json\" class=\"yoast-schema-graph\">{\"@context\":\"https:\/\/schema.org\",\"@graph\":[{\"@type\":\"WebPage\",\"@id\":\"https:\/\/librosdelzorrorojo.com\/ca\/cataleg\/perdut-a-la-ciutat\/\",\"url\":\"https:\/\/librosdelzorrorojo.com\/ca\/cataleg\/perdut-a-la-ciutat\/\",\"name\":\"Perdut a la ciutat - Libros del Zorro Rojo\",\"isPartOf\":{\"@id\":\"https:\/\/librosdelzorrorojo.com\/#website\"},\"primaryImageOfPage\":{\"@id\":\"https:\/\/librosdelzorrorojo.com\/ca\/cataleg\/perdut-a-la-ciutat\/#primaryimage\"},\"image\":{\"@id\":\"https:\/\/librosdelzorrorojo.com\/ca\/cataleg\/perdut-a-la-ciutat\/#primaryimage\"},\"thumbnailUrl\":\"https:\/\/librosdelzorrorojo.com\/wp-content\/uploads\/2020\/08\/COVER_Perdut-a-la-ciutat_WEB.jpg\",\"datePublished\":\"2020-09-17T13:20:44+00:00\",\"dateModified\":\"2024-03-01T08:20:42+00:00\",\"description\":\"En un dia de neu, un nen salta d\u2019un bus i camina entre edificis alt\u00edssims, parcs i carrers plens de gom a gom. No sabem cap a on es dirigeix ni per qu\u00e8.\",\"breadcrumb\":{\"@id\":\"https:\/\/librosdelzorrorojo.com\/ca\/cataleg\/perdut-a-la-ciutat\/#breadcrumb\"},\"inLanguage\":\"ca\",\"potentialAction\":[{\"@type\":\"ReadAction\",\"target\":[\"https:\/\/librosdelzorrorojo.com\/ca\/cataleg\/perdut-a-la-ciutat\/\"]}]},{\"@type\":\"ImageObject\",\"inLanguage\":\"ca\",\"@id\":\"https:\/\/librosdelzorrorojo.com\/ca\/cataleg\/perdut-a-la-ciutat\/#primaryimage\",\"url\":\"https:\/\/librosdelzorrorojo.com\/wp-content\/uploads\/2020\/08\/COVER_Perdut-a-la-ciutat_WEB.jpg\",\"contentUrl\":\"https:\/\/librosdelzorrorojo.com\/wp-content\/uploads\/2020\/08\/COVER_Perdut-a-la-ciutat_WEB.jpg\",\"width\":850,\"height\":1260,\"caption\":\"COVER Perdut a la ciutat WEB\"},{\"@type\":\"BreadcrumbList\",\"@id\":\"https:\/\/librosdelzorrorojo.com\/ca\/cataleg\/perdut-a-la-ciutat\/#breadcrumb\",\"itemListElement\":[{\"@type\":\"ListItem\",\"position\":1,\"name\":\"Portada\",\"item\":\"https:\/\/librosdelzorrorojo.com\/ca\/\"},{\"@type\":\"ListItem\",\"position\":2,\"name\":\"Cat\u00e0leg\",\"item\":\"https:\/\/librosdelzorrorojo.com\/ca\/cataleg\/\"},{\"@type\":\"ListItem\",\"position\":3,\"name\":\"Perdut a la ciutat\"}]},{\"@type\":\"WebSite\",\"@id\":\"https:\/\/librosdelzorrorojo.com\/#website\",\"url\":\"https:\/\/librosdelzorrorojo.com\/\",\"name\":\"Libros del Zorro Rojo\",\"description\":\"Libros ilustrados\",\"potentialAction\":[{\"@type\":\"SearchAction\",\"target\":{\"@type\":\"EntryPoint\",\"urlTemplate\":\"https:\/\/librosdelzorrorojo.com\/?s={search_term_string}\"},\"query-input\":{\"@type\":\"PropertyValueSpecification\",\"valueRequired\":true,\"valueName\":\"search_term_string\"}}],\"inLanguage\":\"ca\"}]}<\/script>\n<!-- \/ Yoast SEO plugin. -->","yoast_head_json":{"title":"Perdut a la ciutat - Libros del Zorro Rojo","description":"En un dia de neu, un nen salta d\u2019un bus i camina entre edificis alt\u00edssims, parcs i carrers plens de gom a gom. No sabem cap a on es dirigeix ni per qu\u00e8.","robots":{"index":"index","follow":"follow","max-snippet":"max-snippet:-1","max-image-preview":"max-image-preview:large","max-video-preview":"max-video-preview:-1"},"canonical":"https:\/\/librosdelzorrorojo.com\/ca\/cataleg\/perdut-a-la-ciutat\/","og_locale":"ca_ES","og_type":"article","og_title":"Perdut a la ciutat - Libros del Zorro Rojo","og_description":"En un dia de neu, un nen salta d\u2019un bus i camina entre edificis alt\u00edssims, parcs i carrers plens de gom a gom. No sabem cap a on es dirigeix ni per qu\u00e8.","og_url":"https:\/\/librosdelzorrorojo.com\/ca\/cataleg\/perdut-a-la-ciutat\/","og_site_name":"Libros del Zorro Rojo","article_modified_time":"2024-03-01T08:20:42+00:00","og_image":[{"width":1200,"height":1200,"url":"https:\/\/librosdelzorrorojo.com\/wp-content\/uploads\/2020\/08\/Perdido-en-la-ciudad_1200x1200_07.jpg","type":"image\/jpeg"}],"twitter_card":"summary_large_image","twitter_misc":{"Temps estimat de lectura":"1 minut"},"schema":{"@context":"https:\/\/schema.org","@graph":[{"@type":"WebPage","@id":"https:\/\/librosdelzorrorojo.com\/ca\/cataleg\/perdut-a-la-ciutat\/","url":"https:\/\/librosdelzorrorojo.com\/ca\/cataleg\/perdut-a-la-ciutat\/","name":"Perdut a la ciutat - Libros del Zorro Rojo","isPartOf":{"@id":"https:\/\/librosdelzorrorojo.com\/#website"},"primaryImageOfPage":{"@id":"https:\/\/librosdelzorrorojo.com\/ca\/cataleg\/perdut-a-la-ciutat\/#primaryimage"},"image":{"@id":"https:\/\/librosdelzorrorojo.com\/ca\/cataleg\/perdut-a-la-ciutat\/#primaryimage"},"thumbnailUrl":"https:\/\/librosdelzorrorojo.com\/wp-content\/uploads\/2020\/08\/COVER_Perdut-a-la-ciutat_WEB.jpg","datePublished":"2020-09-17T13:20:44+00:00","dateModified":"2024-03-01T08:20:42+00:00","description":"En un dia de neu, un nen salta d\u2019un bus i camina entre edificis alt\u00edssims, parcs i carrers plens de gom a gom. No sabem cap a on es dirigeix ni per qu\u00e8.","breadcrumb":{"@id":"https:\/\/librosdelzorrorojo.com\/ca\/cataleg\/perdut-a-la-ciutat\/#breadcrumb"},"inLanguage":"ca","potentialAction":[{"@type":"ReadAction","target":["https:\/\/librosdelzorrorojo.com\/ca\/cataleg\/perdut-a-la-ciutat\/"]}]},{"@type":"ImageObject","inLanguage":"ca","@id":"https:\/\/librosdelzorrorojo.com\/ca\/cataleg\/perdut-a-la-ciutat\/#primaryimage","url":"https:\/\/librosdelzorrorojo.com\/wp-content\/uploads\/2020\/08\/COVER_Perdut-a-la-ciutat_WEB.jpg","contentUrl":"https:\/\/librosdelzorrorojo.com\/wp-content\/uploads\/2020\/08\/COVER_Perdut-a-la-ciutat_WEB.jpg","width":850,"height":1260,"caption":"COVER Perdut a la ciutat WEB"},{"@type":"BreadcrumbList","@id":"https:\/\/librosdelzorrorojo.com\/ca\/cataleg\/perdut-a-la-ciutat\/#breadcrumb","itemListElement":[{"@type":"ListItem","position":1,"name":"Portada","item":"https:\/\/librosdelzorrorojo.com\/ca\/"},{"@type":"ListItem","position":2,"name":"Cat\u00e0leg","item":"https:\/\/librosdelzorrorojo.com\/ca\/cataleg\/"},{"@type":"ListItem","position":3,"name":"Perdut a la ciutat"}]},{"@type":"WebSite","@id":"https:\/\/librosdelzorrorojo.com\/#website","url":"https:\/\/librosdelzorrorojo.com\/","name":"Libros del Zorro Rojo","description":"Libros ilustrados","potentialAction":[{"@type":"SearchAction","target":{"@type":"EntryPoint","urlTemplate":"https:\/\/librosdelzorrorojo.com\/?s={search_term_string}"},"query-input":{"@type":"PropertyValueSpecification","valueRequired":true,"valueName":"search_term_string"}}],"inLanguage":"ca"}]}},"_links":{"self":[{"href":"https:\/\/librosdelzorrorojo.com\/ca\/wp-json\/wp\/v2\/product\/17566","targetHints":{"allow":["GET"]}}],"collection":[{"href":"https:\/\/librosdelzorrorojo.com\/ca\/wp-json\/wp\/v2\/product"}],"about":[{"href":"https:\/\/librosdelzorrorojo.com\/ca\/wp-json\/wp\/v2\/types\/product"}],"wp:featuredmedia":[{"embeddable":true,"href":"https:\/\/librosdelzorrorojo.com\/ca\/wp-json\/wp\/v2\/media\/17543"}],"wp:attachment":[{"href":"https:\/\/librosdelzorrorojo.com\/ca\/wp-json\/wp\/v2\/media?parent=17566"}],"wp:term":[{"taxonomy":"product_brand","embeddable":true,"href":"https:\/\/librosdelzorrorojo.com\/ca\/wp-json\/wp\/v2\/product_brand?post=17566"},{"taxonomy":"product_cat","embeddable":true,"href":"https:\/\/librosdelzorrorojo.com\/ca\/wp-json\/wp\/v2\/product_cat?post=17566"},{"taxonomy":"product_tag","embeddable":true,"href":"https:\/\/librosdelzorrorojo.com\/ca\/wp-json\/wp\/v2\/product_tag?post=17566"}],"curies":[{"name":"wp","href":"https:\/\/api.w.org\/{rel}","templated":true}]}}

<p class="p1">En un dia de neu, un nen salta d’un bus i camina entre edificis altíssims, parcs i carrers plens de gom a gom. No sabem cap a on es dirigeix ni per què. Caminar sol per la gran ciutat pot ser aterridor si ets petit. «La gent no et veu i el soroll és tan fort que sovint espanta. Fins i tot és difícil saber cap a on anar o què fer.»</p>
<p class="p1">Per això, a mesura que recorre el barri, el protagonista observa atentament el que l’envolta i es dedica a donar amables consells a un amic que no veiem, però que intuïm. Aquestes recomanacions inclouen algunes precaucions que cal prendre en aquest laberint de carrers i bullici, a més d’indicacions clares sobre quins són els racons on segur que podrà trobar una cara amable, escalfar-se els dies de fred o escoltar música&#8230;</p>
<p class="p1">Quan el nen torna cap a casa —el lloc més segur i tranquil— la història fa un gir i descobrim què era el que estava buscant i no trobava mentre caminava sota la neu.</p>

En un dia de neu, un nen salta d’un bus i camina entre edificis altíssims, parcs i carrers plens de gom a gom. No sabem cap a on es dirigeix ni per què. Caminar sol per la gran ciutat pot ser aterridor si ets petit. «La gent no et veu i el soroll és tan [&hellip;]

<!-- This site is optimized with the Yoast SEO plugin v25.1 - https://yoast.com/wordpress/plugins/seo/ -->
<title>Perdut a la ciutat - Libros del Zorro Rojo</title>
<meta name="description" content="En un dia de neu, un nen salta d’un bus i camina entre edificis altíssims, parcs i carrers plens de gom a gom. No sabem cap a on es dirigeix ni per què." />
<meta name="robots" content="index, follow, max-snippet:-1, max-image-preview:large, max-video-preview:-1" />
<link rel="canonical" href="https://librosdelzorrorojo.com/ca/cataleg/perdut-a-la-ciutat/" />
<meta property="og:locale" content="ca_ES" />
<meta property="og:type" content="article" />
<meta property="og:title" content="Perdut a la ciutat - Libros del Zorro Rojo" />
<meta property="og:description" content="En un dia de neu, un nen salta d’un bus i camina entre edificis altíssims, parcs i carrers plens de gom a gom. No sabem cap a on es dirigeix ni per què." />
<meta property="og:url" content="https://librosdelzorrorojo.com/ca/cataleg/perdut-a-la-ciutat/" />
<meta property="og:site_name" content="Libros del Zorro Rojo" />
<meta property="article:modified_time" content="2024-03-01T08:20:42+00:00" />
<meta property="og:image" content="https://librosdelzorrorojo.com/wp-content/uploads/2020/08/Perdido-en-la-ciudad_1200x1200_07.jpg" />
	<meta property="og:image:width" content="1200" />
	<meta property="og:image:height" content="1200" />
	<meta property="og:image:type" content="image/jpeg" />
<meta name="twitter:card" content="summary_large_image" />
<meta name="twitter:label1" content="Temps estimat de lectura" />
	<meta name="twitter:data1" content="1 minut" />
<script type="application/ld+json" class="yoast-schema-graph">{"@context":"https://schema.org","@graph":[{"@type":"WebPage","@id":"https://librosdelzorrorojo.com/ca/cataleg/perdut-a-la-ciutat/","url":"https://librosdelzorrorojo.com/ca/cataleg/perdut-a-la-ciutat/","name":"Perdut a la ciutat - Libros del Zorro Rojo","isPartOf":{"@id":"https://librosdelzorrorojo.com/#website"},"primaryImageOfPage":{"@id":"https://librosdelzorrorojo.com/ca/cataleg/perdut-a-la-ciutat/#primaryimage"},"image":{"@id":"https://librosdelzorrorojo.com/ca/cataleg/perdut-a-la-ciutat/#primaryimage"},"thumbnailUrl":"https://librosdelzorrorojo.com/wp-content/uploads/2020/08/COVER_Perdut-a-la-ciutat_WEB.jpg","datePublished":"2020-09-17T13:20:44+00:00","dateModified":"2024-03-01T08:20:42+00:00","description":"En un dia de neu, un nen salta d’un bus i camina entre edificis altíssims, parcs i carrers plens de gom a gom. No sabem cap a on es dirigeix ni per què.","breadcrumb":{"@id":"https://librosdelzorrorojo.com/ca/cataleg/perdut-a-la-ciutat/#breadcrumb"},"inLanguage":"ca","potentialAction":[{"@type":"ReadAction","target":["https://librosdelzorrorojo.com/ca/cataleg/perdut-a-la-ciutat/"]}]},{"@type":"ImageObject","inLanguage":"ca","@id":"https://librosdelzorrorojo.com/ca/cataleg/perdut-a-la-ciutat/#primaryimage","url":"https://librosdelzorrorojo.com/wp-content/uploads/2020/08/COVER_Perdut-a-la-ciutat_WEB.jpg","contentUrl":"https://librosdelzorrorojo.com/wp-content/uploads/2020/08/COVER_Perdut-a-la-ciutat_WEB.jpg","width":850,"height":1260,"caption":"COVER Perdut a la ciutat WEB"},{"@type":"BreadcrumbList","@id":"https://librosdelzorrorojo.com/ca/cataleg/perdut-a-la-ciutat/#breadcrumb","itemListElement":[{"@type":"ListItem","position":1,"name":"Portada","item":"https://librosdelzorrorojo.com/ca/"},{"@type":"ListItem","position":2,"name":"Catàleg","item":"https://librosdelzorrorojo.com/ca/cataleg/"},{"@type":"ListItem","position":3,"name":"Perdut a la ciutat"}]},{"@type":"WebSite","@id":"https://librosdelzorrorojo.com/#website","url":"https://librosdelzorrorojo.com/","name":"Libros del Zorro Rojo","description":"Libros ilustrados","potentialAction":[{"@type":"SearchAction","target":{"@type":"EntryPoint","urlTemplate":"https://librosdelzorrorojo.com/?s={search_term_string}"},"query-input":{"@type":"PropertyValueSpecification","valueRequired":true,"valueName":"search_term_string"}}],"inLanguage":"ca"}]}</script>
<!-- / Yoast SEO plugin. -->

En un dia de neu, un nen salta d’un bus i camina entre edificis altíssims, parcs i carrers plens de gom a gom. No sabem cap a on es dirigeix ni per què.

Catàleg
