{"id":14425,"date":"2000-05-29T12:37:30","date_gmt":"2000-05-29T10:37:30","guid":{"rendered":"https:\/\/librosdelzorrorojo.com\/?post_type=product&#038;p=14425"},"modified":"2024-03-01T09:19:45","modified_gmt":"2024-03-01T08:19:45","slug":"mil-orelles","status":"publish","type":"product","link":"https:\/\/librosdelzorrorojo.com\/ca\/cataleg\/mil-orelles\/","title":{"rendered":"Mil orelles"},"content":{"rendered":"<p><span>Una persona sorda no \u00e9s aquella que no pot sentir-hi. Una persona sorda \u00e9s, en realitat, aquella que no vol sentir-hi; la que no s\u2019esfor\u00e7a a comunicar-se, a fer-se entendre, la que es tanca en les seves pr\u00f2pies idees. <\/span><\/p>\n<p><span><i>Mil orelles<\/i>\u00a0no \u00e9s un llibre per a sords, sin\u00f3 una obra sobre les persones amb discapacitat auditiva, sobre la seva forma de \u00absentir-hi\u00bb gr\u00e0cies a les \u00abmil orelles diminutes\u00bb que tenen \u00abespargides per tot el cos\u00bb.<br \/>\n<\/span><\/p>\n<p><span>Una petita joia liter\u00e0ria on conviuen tres llenguatges: l\u2019escrit, el visual i el de signes. El poema, narrat en primera persona per una dona que va perdre l\u2019o\u00efda als set anys, rescata la intensitat sensorial d\u2019aquella manera \u00fanica en qu\u00e8 les persones sordes perceben el m\u00f3n, una mem\u00f2ria \u00edntima d\u2019aromes, murmuris i car\u00edcies. <\/span><\/p>\n<p><span>A la sonoritat del poema s\u2019uneixen les expressives il\u00b7lustracions de Samuel Casta\u00f1o Mesa, que propaguen m\u00faltiples significats a partir d\u2019ess\u00e8ncies i reforcen la idea del di\u00e0leg entre el silenci i el so. El llibre tamb\u00e9 inclou una petita targeta amb l\u2019alfabet manual, diferent en cada llengua.\u00a0<\/span><\/p>\n","protected":false},"excerpt":{"rendered":"<span><i>Mil orelles<\/i>\u00a0no \u00e9s un llibre per a sords, sin\u00f3 una obra sobre les persones amb discapacitat auditiva, sobre la seva forma de \u00absentir-hi\u00bb gr\u00e0cies a les \u00abmil orelles diminutes\u00bb que tenen \u00abespargides per tot el cos\u00bb.<\/span>","protected":false},"featured_media":0,"template":"","meta":{"_acf_changed":false},"product_brand":[],"product_cat":[840,843],"product_tag":[],"class_list":{"0":"post-14425","1":"product","2":"type-product","3":"status-publish","5":"product_cat-catala","6":"product_cat-infantiles-ca","7":"vinculo-mil-orejas","9":"first","10":"instock","11":"taxable","12":"shipping-taxable","13":"purchasable","14":"product-type-simple"},"acf":[],"yoast_head":"<!-- This site is optimized with the Yoast SEO plugin v25.1 - https:\/\/yoast.com\/wordpress\/plugins\/seo\/ -->\n<title>Mil orelles - Libros del Zorro Rojo<\/title>\n<meta name=\"description\" content=\"Mil orelles\u00a0no \u00e9s un llibre per a sords, sin\u00f3 una obra sobre les persones amb discapacitat auditiva, sobre la seva forma de \u00absentir-hi\u00bb gr\u00e0cies a les\" \/>\n<meta name=\"robots\" content=\"index, follow, max-snippet:-1, max-image-preview:large, max-video-preview:-1\" \/>\n<link rel=\"canonical\" href=\"https:\/\/librosdelzorrorojo.com\/ca\/cataleg\/mil-orelles\/\" \/>\n<meta property=\"og:locale\" content=\"ca_ES\" \/>\n<meta property=\"og:type\" content=\"article\" \/>\n<meta property=\"og:title\" content=\"Mil orelles - Libros del Zorro Rojo\" \/>\n<meta property=\"og:description\" content=\"Mil orelles\u00a0no \u00e9s un llibre per a sords, sin\u00f3 una obra sobre les persones amb discapacitat auditiva, sobre la seva forma de \u00absentir-hi\u00bb gr\u00e0cies a les\" \/>\n<meta property=\"og:url\" content=\"https:\/\/librosdelzorrorojo.com\/ca\/cataleg\/mil-orelles\/\" \/>\n<meta property=\"og:site_name\" content=\"Libros del Zorro Rojo\" \/>\n<meta property=\"article:modified_time\" content=\"2024-03-01T08:19:45+00:00\" \/>\n<meta property=\"og:image\" content=\"https:\/\/librosdelzorrorojo.com\/wp-content\/uploads\/2000\/11\/Captura-de-pantalla-2016-01-29-a-las-13.56.31.png\" \/>\n\t<meta property=\"og:image:width\" content=\"850\" \/>\n\t<meta property=\"og:image:height\" content=\"850\" \/>\n\t<meta property=\"og:image:type\" content=\"image\/png\" \/>\n<meta name=\"twitter:card\" content=\"summary_large_image\" \/>\n<meta name=\"twitter:label1\" content=\"Temps estimat de lectura\" \/>\n\t<meta name=\"twitter:data1\" content=\"1 minut\" \/>\n<script type=\"application\/ld+json\" class=\"yoast-schema-graph\">{\"@context\":\"https:\/\/schema.org\",\"@graph\":[{\"@type\":\"WebPage\",\"@id\":\"https:\/\/librosdelzorrorojo.com\/ca\/cataleg\/mil-orelles\/\",\"url\":\"https:\/\/librosdelzorrorojo.com\/ca\/cataleg\/mil-orelles\/\",\"name\":\"Mil orelles - Libros del Zorro Rojo\",\"isPartOf\":{\"@id\":\"https:\/\/librosdelzorrorojo.com\/#website\"},\"datePublished\":\"2000-05-29T10:37:30+00:00\",\"dateModified\":\"2024-03-01T08:19:45+00:00\",\"description\":\"Mil orelles\u00a0no \u00e9s un llibre per a sords, sin\u00f3 una obra sobre les persones amb discapacitat auditiva, sobre la seva forma de \u00absentir-hi\u00bb gr\u00e0cies a les\",\"breadcrumb\":{\"@id\":\"https:\/\/librosdelzorrorojo.com\/ca\/cataleg\/mil-orelles\/#breadcrumb\"},\"inLanguage\":\"ca\",\"potentialAction\":[{\"@type\":\"ReadAction\",\"target\":[\"https:\/\/librosdelzorrorojo.com\/ca\/cataleg\/mil-orelles\/\"]}]},{\"@type\":\"BreadcrumbList\",\"@id\":\"https:\/\/librosdelzorrorojo.com\/ca\/cataleg\/mil-orelles\/#breadcrumb\",\"itemListElement\":[{\"@type\":\"ListItem\",\"position\":1,\"name\":\"Portada\",\"item\":\"https:\/\/librosdelzorrorojo.com\/ca\/\"},{\"@type\":\"ListItem\",\"position\":2,\"name\":\"Cat\u00e0leg\",\"item\":\"https:\/\/librosdelzorrorojo.com\/ca\/cataleg\/\"},{\"@type\":\"ListItem\",\"position\":3,\"name\":\"Mil orelles\"}]},{\"@type\":\"WebSite\",\"@id\":\"https:\/\/librosdelzorrorojo.com\/#website\",\"url\":\"https:\/\/librosdelzorrorojo.com\/\",\"name\":\"Libros del Zorro Rojo\",\"description\":\"Libros ilustrados\",\"potentialAction\":[{\"@type\":\"SearchAction\",\"target\":{\"@type\":\"EntryPoint\",\"urlTemplate\":\"https:\/\/librosdelzorrorojo.com\/?s={search_term_string}\"},\"query-input\":{\"@type\":\"PropertyValueSpecification\",\"valueRequired\":true,\"valueName\":\"search_term_string\"}}],\"inLanguage\":\"ca\"}]}<\/script>\n<!-- \/ Yoast SEO plugin. -->","yoast_head_json":{"title":"Mil orelles - Libros del Zorro Rojo","description":"Mil orelles\u00a0no \u00e9s un llibre per a sords, sin\u00f3 una obra sobre les persones amb discapacitat auditiva, sobre la seva forma de \u00absentir-hi\u00bb gr\u00e0cies a les","robots":{"index":"index","follow":"follow","max-snippet":"max-snippet:-1","max-image-preview":"max-image-preview:large","max-video-preview":"max-video-preview:-1"},"canonical":"https:\/\/librosdelzorrorojo.com\/ca\/cataleg\/mil-orelles\/","og_locale":"ca_ES","og_type":"article","og_title":"Mil orelles - Libros del Zorro Rojo","og_description":"Mil orelles\u00a0no \u00e9s un llibre per a sords, sin\u00f3 una obra sobre les persones amb discapacitat auditiva, sobre la seva forma de \u00absentir-hi\u00bb gr\u00e0cies a les","og_url":"https:\/\/librosdelzorrorojo.com\/ca\/cataleg\/mil-orelles\/","og_site_name":"Libros del Zorro Rojo","article_modified_time":"2024-03-01T08:19:45+00:00","og_image":[{"width":850,"height":850,"url":"https:\/\/librosdelzorrorojo.com\/wp-content\/uploads\/2000\/11\/Captura-de-pantalla-2016-01-29-a-las-13.56.31.png","type":"image\/png"}],"twitter_card":"summary_large_image","twitter_misc":{"Temps estimat de lectura":"1 minut"},"schema":{"@context":"https:\/\/schema.org","@graph":[{"@type":"WebPage","@id":"https:\/\/librosdelzorrorojo.com\/ca\/cataleg\/mil-orelles\/","url":"https:\/\/librosdelzorrorojo.com\/ca\/cataleg\/mil-orelles\/","name":"Mil orelles - Libros del Zorro Rojo","isPartOf":{"@id":"https:\/\/librosdelzorrorojo.com\/#website"},"datePublished":"2000-05-29T10:37:30+00:00","dateModified":"2024-03-01T08:19:45+00:00","description":"Mil orelles\u00a0no \u00e9s un llibre per a sords, sin\u00f3 una obra sobre les persones amb discapacitat auditiva, sobre la seva forma de \u00absentir-hi\u00bb gr\u00e0cies a les","breadcrumb":{"@id":"https:\/\/librosdelzorrorojo.com\/ca\/cataleg\/mil-orelles\/#breadcrumb"},"inLanguage":"ca","potentialAction":[{"@type":"ReadAction","target":["https:\/\/librosdelzorrorojo.com\/ca\/cataleg\/mil-orelles\/"]}]},{"@type":"BreadcrumbList","@id":"https:\/\/librosdelzorrorojo.com\/ca\/cataleg\/mil-orelles\/#breadcrumb","itemListElement":[{"@type":"ListItem","position":1,"name":"Portada","item":"https:\/\/librosdelzorrorojo.com\/ca\/"},{"@type":"ListItem","position":2,"name":"Cat\u00e0leg","item":"https:\/\/librosdelzorrorojo.com\/ca\/cataleg\/"},{"@type":"ListItem","position":3,"name":"Mil orelles"}]},{"@type":"WebSite","@id":"https:\/\/librosdelzorrorojo.com\/#website","url":"https:\/\/librosdelzorrorojo.com\/","name":"Libros del Zorro Rojo","description":"Libros ilustrados","potentialAction":[{"@type":"SearchAction","target":{"@type":"EntryPoint","urlTemplate":"https:\/\/librosdelzorrorojo.com\/?s={search_term_string}"},"query-input":{"@type":"PropertyValueSpecification","valueRequired":true,"valueName":"search_term_string"}}],"inLanguage":"ca"}]}},"_links":{"self":[{"href":"https:\/\/librosdelzorrorojo.com\/ca\/wp-json\/wp\/v2\/product\/14425","targetHints":{"allow":["GET"]}}],"collection":[{"href":"https:\/\/librosdelzorrorojo.com\/ca\/wp-json\/wp\/v2\/product"}],"about":[{"href":"https:\/\/librosdelzorrorojo.com\/ca\/wp-json\/wp\/v2\/types\/product"}],"wp:attachment":[{"href":"https:\/\/librosdelzorrorojo.com\/ca\/wp-json\/wp\/v2\/media?parent=14425"}],"wp:term":[{"taxonomy":"product_brand","embeddable":true,"href":"https:\/\/librosdelzorrorojo.com\/ca\/wp-json\/wp\/v2\/product_brand?post=14425"},{"taxonomy":"product_cat","embeddable":true,"href":"https:\/\/librosdelzorrorojo.com\/ca\/wp-json\/wp\/v2\/product_cat?post=14425"},{"taxonomy":"product_tag","embeddable":true,"href":"https:\/\/librosdelzorrorojo.com\/ca\/wp-json\/wp\/v2\/product_tag?post=14425"}],"curies":[{"name":"wp","href":"https:\/\/api.w.org\/{rel}","templated":true}]}}

<p><span>Una persona sorda no és aquella que no pot sentir-hi. Una persona sorda és, en realitat, aquella que no vol sentir-hi; la que no s’esforça a comunicar-se, a fer-se entendre, la que es tanca en les seves pròpies idees. </span></p>
<p><span><i>Mil orelles</i> no és un llibre per a sords, sinó una obra sobre les persones amb discapacitat auditiva, sobre la seva forma de «sentir-hi» gràcies a les «mil orelles diminutes» que tenen «espargides per tot el cos».<br />
</span></p>
<p><span>Una petita joia literària on conviuen tres llenguatges: l’escrit, el visual i el de signes. El poema, narrat en primera persona per una dona que va perdre l’oïda als set anys, rescata la intensitat sensorial d’aquella manera única en què les persones sordes perceben el món, una memòria íntima d’aromes, murmuris i carícies. </span></p>
<p><span>A la sonoritat del poema s’uneixen les expressives il·lustracions de Samuel Castaño Mesa, que propaguen múltiples significats a partir d’essències i reforcen la idea del diàleg entre el silenci i el so. El llibre també inclou una petita targeta amb l’alfabet manual, diferent en cada llengua. </span></p>

<span><i>Mil orelles</i> no és un llibre per a sords, sinó una obra sobre les persones amb discapacitat auditiva, sobre la seva forma de «sentir-hi» gràcies a les «mil orelles diminutes» que tenen «espargides per tot el cos».</span>

<!-- This site is optimized with the Yoast SEO plugin v25.1 - https://yoast.com/wordpress/plugins/seo/ -->
<title>Mil orelles - Libros del Zorro Rojo</title>
<meta name="description" content="Mil orelles no és un llibre per a sords, sinó una obra sobre les persones amb discapacitat auditiva, sobre la seva forma de «sentir-hi» gràcies a les" />
<meta name="robots" content="index, follow, max-snippet:-1, max-image-preview:large, max-video-preview:-1" />
<link rel="canonical" href="https://librosdelzorrorojo.com/ca/cataleg/mil-orelles/" />
<meta property="og:locale" content="ca_ES" />
<meta property="og:type" content="article" />
<meta property="og:title" content="Mil orelles - Libros del Zorro Rojo" />
<meta property="og:description" content="Mil orelles no és un llibre per a sords, sinó una obra sobre les persones amb discapacitat auditiva, sobre la seva forma de «sentir-hi» gràcies a les" />
<meta property="og:url" content="https://librosdelzorrorojo.com/ca/cataleg/mil-orelles/" />
<meta property="og:site_name" content="Libros del Zorro Rojo" />
<meta property="article:modified_time" content="2024-03-01T08:19:45+00:00" />
<meta property="og:image" content="https://librosdelzorrorojo.com/wp-content/uploads/2000/11/Captura-de-pantalla-2016-01-29-a-las-13.56.31.png" />
	<meta property="og:image:width" content="850" />
	<meta property="og:image:height" content="850" />
	<meta property="og:image:type" content="image/png" />
<meta name="twitter:card" content="summary_large_image" />
<meta name="twitter:label1" content="Temps estimat de lectura" />
	<meta name="twitter:data1" content="1 minut" />
<script type="application/ld+json" class="yoast-schema-graph">{"@context":"https://schema.org","@graph":[{"@type":"WebPage","@id":"https://librosdelzorrorojo.com/ca/cataleg/mil-orelles/","url":"https://librosdelzorrorojo.com/ca/cataleg/mil-orelles/","name":"Mil orelles - Libros del Zorro Rojo","isPartOf":{"@id":"https://librosdelzorrorojo.com/#website"},"datePublished":"2000-05-29T10:37:30+00:00","dateModified":"2024-03-01T08:19:45+00:00","description":"Mil orelles no és un llibre per a sords, sinó una obra sobre les persones amb discapacitat auditiva, sobre la seva forma de «sentir-hi» gràcies a les","breadcrumb":{"@id":"https://librosdelzorrorojo.com/ca/cataleg/mil-orelles/#breadcrumb"},"inLanguage":"ca","potentialAction":[{"@type":"ReadAction","target":["https://librosdelzorrorojo.com/ca/cataleg/mil-orelles/"]}]},{"@type":"BreadcrumbList","@id":"https://librosdelzorrorojo.com/ca/cataleg/mil-orelles/#breadcrumb","itemListElement":[{"@type":"ListItem","position":1,"name":"Portada","item":"https://librosdelzorrorojo.com/ca/"},{"@type":"ListItem","position":2,"name":"Catàleg","item":"https://librosdelzorrorojo.com/ca/cataleg/"},{"@type":"ListItem","position":3,"name":"Mil orelles"}]},{"@type":"WebSite","@id":"https://librosdelzorrorojo.com/#website","url":"https://librosdelzorrorojo.com/","name":"Libros del Zorro Rojo","description":"Libros ilustrados","potentialAction":[{"@type":"SearchAction","target":{"@type":"EntryPoint","urlTemplate":"https://librosdelzorrorojo.com/?s={search_term_string}"},"query-input":{"@type":"PropertyValueSpecification","valueRequired":true,"valueName":"search_term_string"}}],"inLanguage":"ca"}]}</script>
<!-- / Yoast SEO plugin. -->

Mil orelles no és un llibre per a sords, sinó una obra sobre les persones amb discapacitat auditiva, sobre la seva forma de «sentir-hi» gràcies a les

Catàleg
