{"id":12326,"date":"2019-08-01T12:00:36","date_gmt":"2019-08-01T10:00:36","guid":{"rendered":"https:\/\/librosdelzorrorojo.com\/catalogo\/el-libro-negro-de-los-colores\/"},"modified":"2024-02-29T11:38:56","modified_gmt":"2024-02-29T10:38:56","slug":"el-libro-negro-de-los-colores","status":"publish","type":"product","link":"https:\/\/librosdelzorrorojo.com\/ca\/cataleg\/el-libro-negro-de-los-colores\/","title":{"rendered":"El libro negro de los colores"},"content":{"rendered":"<p class=\"p2\">Una obra singular sobre la percepci\u00f3n del color. Ilustrado en relieve, este libro negro propone a todos los ni\u00f1os una experiencia sensorial in\u00e9dita: percibir el color, sin necesidad de verlo. Una edici\u00f3n original de la prestigiosa editorial mejicana Tecolote, que mereci\u00f3 el primer premio en la categor\u00eda Nuevos Horizontes, otorgado por la Feria del Libro Infantil de Bologna 2007 y elegido por el <em>New York Times<\/em> entre los mejores libros ilustrados del 2008.<\/p>\n<p><span>Mira el\u00a0<\/span><span style=\"color: #ff0000\"><a href=\"https:\/\/www.youtube.com\/watch?v=aZvAzeedByA\" target=\"_blank\" rel=\"noopener noreferrer\" style=\"color: #ff0000\">booktrailer<\/a><\/span><\/p>\n<p><img decoding=\"async\" src=\"https:\/\/librosdelzorrorojo.com\/wp-content\/uploads\/2017\/09\/logo-generalitat2.jpg\" alt=\"\" width=\"200\" height=\"67\" class=\"alignnone size-full wp-image-11152\" \/><\/p>\n<p>&nbsp;<\/p>\n","protected":false},"excerpt":{"rendered":"Una obra singular sobre la percepci\u00f3n del color. Ilustrado en relieve, este libro negro propone a todos los ni\u00f1os una experiencia sensorial in\u00e9dita: percibir el color, sin necesidad de verlo. Una edici\u00f3n original de la prestigiosa editorial mejicana Tecolote, que mereci\u00f3 el primer premio en la categor\u00eda Nuevos Horizontes, otorgado por la Feria del Libro Infantil de Bologna 2007 y elegido por el <em>New York Times<\/em> entre los mejores libros ilustrados del 2008.","protected":false},"featured_media":11595,"template":"","meta":{"_acf_changed":false},"product_brand":[],"product_cat":[844,843],"product_tag":[],"class_list":{"0":"post-12326","1":"product","2":"type-product","3":"status-publish","4":"has-post-thumbnail","6":"product_cat-castella","7":"product_cat-infantiles-ca","8":"vinculo-el-libro-negro-de-los-colores","10":"first","11":"instock","12":"taxable","13":"shipping-taxable","14":"purchasable","15":"product-type-simple"},"acf":[],"yoast_head":"<!-- This site is optimized with the Yoast SEO plugin v25.1 - https:\/\/yoast.com\/wordpress\/plugins\/seo\/ -->\n<title>El libro negro de los colores El libro negro de los colores -<\/title>\n<meta name=\"description\" content=\"Una obra singular sobre la percepci\u00f3n del color. Ilustrado en relieve, este libro negro propone a todos los ni\u00f1os una experiencia sensorial in\u00e9dita:\" \/>\n<meta name=\"robots\" content=\"index, follow, max-snippet:-1, max-image-preview:large, max-video-preview:-1\" \/>\n<link rel=\"canonical\" href=\"https:\/\/librosdelzorrorojo.com\/ca\/cataleg\/el-libro-negro-de-los-colores\/\" \/>\n<meta property=\"og:locale\" content=\"ca_ES\" \/>\n<meta property=\"og:type\" content=\"article\" \/>\n<meta property=\"og:title\" content=\"El libro negro de los colores El libro negro de los colores -\" \/>\n<meta property=\"og:description\" content=\"Una obra singular sobre la percepci\u00f3n del color. Ilustrado en relieve, este libro negro propone a todos los ni\u00f1os una experiencia sensorial in\u00e9dita:\" \/>\n<meta property=\"og:url\" content=\"https:\/\/librosdelzorrorojo.com\/ca\/cataleg\/el-libro-negro-de-los-colores\/\" \/>\n<meta property=\"og:site_name\" content=\"Libros del Zorro Rojo\" \/>\n<meta property=\"article:modified_time\" content=\"2024-02-29T10:38:56+00:00\" \/>\n<meta property=\"og:image\" content=\"https:\/\/librosdelzorrorojo.com\/wp-content\/uploads\/2000\/01\/COVER_Ellibronegrodeloscolores-1.png\" \/>\n\t<meta property=\"og:image:width\" content=\"850\" \/>\n\t<meta property=\"og:image:height\" content=\"532\" \/>\n\t<meta property=\"og:image:type\" content=\"image\/png\" \/>\n<meta name=\"twitter:card\" content=\"summary_large_image\" \/>\n<script type=\"application\/ld+json\" class=\"yoast-schema-graph\">{\"@context\":\"https:\/\/schema.org\",\"@graph\":[{\"@type\":\"WebPage\",\"@id\":\"https:\/\/librosdelzorrorojo.com\/ca\/cataleg\/el-libro-negro-de-los-colores\/\",\"url\":\"https:\/\/librosdelzorrorojo.com\/ca\/cataleg\/el-libro-negro-de-los-colores\/\",\"name\":\"El libro negro de los colores El libro negro de los colores -\",\"isPartOf\":{\"@id\":\"https:\/\/librosdelzorrorojo.com\/#website\"},\"primaryImageOfPage\":{\"@id\":\"https:\/\/librosdelzorrorojo.com\/ca\/cataleg\/el-libro-negro-de-los-colores\/#primaryimage\"},\"image\":{\"@id\":\"https:\/\/librosdelzorrorojo.com\/ca\/cataleg\/el-libro-negro-de-los-colores\/#primaryimage\"},\"thumbnailUrl\":\"https:\/\/librosdelzorrorojo.com\/wp-content\/uploads\/2000\/01\/COVER_Ellibronegrodeloscolores-1.png\",\"datePublished\":\"2019-08-01T10:00:36+00:00\",\"dateModified\":\"2024-02-29T10:38:56+00:00\",\"description\":\"Una obra singular sobre la percepci\u00f3n del color. Ilustrado en relieve, este libro negro propone a todos los ni\u00f1os una experiencia sensorial in\u00e9dita:\",\"breadcrumb\":{\"@id\":\"https:\/\/librosdelzorrorojo.com\/ca\/cataleg\/el-libro-negro-de-los-colores\/#breadcrumb\"},\"inLanguage\":\"ca\",\"potentialAction\":[{\"@type\":\"ReadAction\",\"target\":[\"https:\/\/librosdelzorrorojo.com\/ca\/cataleg\/el-libro-negro-de-los-colores\/\"]}]},{\"@type\":\"ImageObject\",\"inLanguage\":\"ca\",\"@id\":\"https:\/\/librosdelzorrorojo.com\/ca\/cataleg\/el-libro-negro-de-los-colores\/#primaryimage\",\"url\":\"https:\/\/librosdelzorrorojo.com\/wp-content\/uploads\/2000\/01\/COVER_Ellibronegrodeloscolores-1.png\",\"contentUrl\":\"https:\/\/librosdelzorrorojo.com\/wp-content\/uploads\/2000\/01\/COVER_Ellibronegrodeloscolores-1.png\",\"width\":850,\"height\":532,\"caption\":\"COVER Ellibronegrodeloscolores 1\"},{\"@type\":\"BreadcrumbList\",\"@id\":\"https:\/\/librosdelzorrorojo.com\/ca\/cataleg\/el-libro-negro-de-los-colores\/#breadcrumb\",\"itemListElement\":[{\"@type\":\"ListItem\",\"position\":1,\"name\":\"Portada\",\"item\":\"https:\/\/librosdelzorrorojo.com\/ca\/\"},{\"@type\":\"ListItem\",\"position\":2,\"name\":\"Cat\u00e0leg\",\"item\":\"https:\/\/librosdelzorrorojo.com\/ca\/cataleg\/\"},{\"@type\":\"ListItem\",\"position\":3,\"name\":\"El libro negro de los colores\"}]},{\"@type\":\"WebSite\",\"@id\":\"https:\/\/librosdelzorrorojo.com\/#website\",\"url\":\"https:\/\/librosdelzorrorojo.com\/\",\"name\":\"Libros del Zorro Rojo\",\"description\":\"Libros ilustrados\",\"potentialAction\":[{\"@type\":\"SearchAction\",\"target\":{\"@type\":\"EntryPoint\",\"urlTemplate\":\"https:\/\/librosdelzorrorojo.com\/?s={search_term_string}\"},\"query-input\":{\"@type\":\"PropertyValueSpecification\",\"valueRequired\":true,\"valueName\":\"search_term_string\"}}],\"inLanguage\":\"ca\"}]}<\/script>\n<!-- \/ Yoast SEO plugin. -->","yoast_head_json":{"title":"El libro negro de los colores El libro negro de los colores -","description":"Una obra singular sobre la percepci\u00f3n del color. Ilustrado en relieve, este libro negro propone a todos los ni\u00f1os una experiencia sensorial in\u00e9dita:","robots":{"index":"index","follow":"follow","max-snippet":"max-snippet:-1","max-image-preview":"max-image-preview:large","max-video-preview":"max-video-preview:-1"},"canonical":"https:\/\/librosdelzorrorojo.com\/ca\/cataleg\/el-libro-negro-de-los-colores\/","og_locale":"ca_ES","og_type":"article","og_title":"El libro negro de los colores El libro negro de los colores -","og_description":"Una obra singular sobre la percepci\u00f3n del color. Ilustrado en relieve, este libro negro propone a todos los ni\u00f1os una experiencia sensorial in\u00e9dita:","og_url":"https:\/\/librosdelzorrorojo.com\/ca\/cataleg\/el-libro-negro-de-los-colores\/","og_site_name":"Libros del Zorro Rojo","article_modified_time":"2024-02-29T10:38:56+00:00","og_image":[{"width":850,"height":532,"url":"https:\/\/librosdelzorrorojo.com\/wp-content\/uploads\/2000\/01\/COVER_Ellibronegrodeloscolores-1.png","type":"image\/png"}],"twitter_card":"summary_large_image","schema":{"@context":"https:\/\/schema.org","@graph":[{"@type":"WebPage","@id":"https:\/\/librosdelzorrorojo.com\/ca\/cataleg\/el-libro-negro-de-los-colores\/","url":"https:\/\/librosdelzorrorojo.com\/ca\/cataleg\/el-libro-negro-de-los-colores\/","name":"El libro negro de los colores El libro negro de los colores -","isPartOf":{"@id":"https:\/\/librosdelzorrorojo.com\/#website"},"primaryImageOfPage":{"@id":"https:\/\/librosdelzorrorojo.com\/ca\/cataleg\/el-libro-negro-de-los-colores\/#primaryimage"},"image":{"@id":"https:\/\/librosdelzorrorojo.com\/ca\/cataleg\/el-libro-negro-de-los-colores\/#primaryimage"},"thumbnailUrl":"https:\/\/librosdelzorrorojo.com\/wp-content\/uploads\/2000\/01\/COVER_Ellibronegrodeloscolores-1.png","datePublished":"2019-08-01T10:00:36+00:00","dateModified":"2024-02-29T10:38:56+00:00","description":"Una obra singular sobre la percepci\u00f3n del color. Ilustrado en relieve, este libro negro propone a todos los ni\u00f1os una experiencia sensorial in\u00e9dita:","breadcrumb":{"@id":"https:\/\/librosdelzorrorojo.com\/ca\/cataleg\/el-libro-negro-de-los-colores\/#breadcrumb"},"inLanguage":"ca","potentialAction":[{"@type":"ReadAction","target":["https:\/\/librosdelzorrorojo.com\/ca\/cataleg\/el-libro-negro-de-los-colores\/"]}]},{"@type":"ImageObject","inLanguage":"ca","@id":"https:\/\/librosdelzorrorojo.com\/ca\/cataleg\/el-libro-negro-de-los-colores\/#primaryimage","url":"https:\/\/librosdelzorrorojo.com\/wp-content\/uploads\/2000\/01\/COVER_Ellibronegrodeloscolores-1.png","contentUrl":"https:\/\/librosdelzorrorojo.com\/wp-content\/uploads\/2000\/01\/COVER_Ellibronegrodeloscolores-1.png","width":850,"height":532,"caption":"COVER Ellibronegrodeloscolores 1"},{"@type":"BreadcrumbList","@id":"https:\/\/librosdelzorrorojo.com\/ca\/cataleg\/el-libro-negro-de-los-colores\/#breadcrumb","itemListElement":[{"@type":"ListItem","position":1,"name":"Portada","item":"https:\/\/librosdelzorrorojo.com\/ca\/"},{"@type":"ListItem","position":2,"name":"Cat\u00e0leg","item":"https:\/\/librosdelzorrorojo.com\/ca\/cataleg\/"},{"@type":"ListItem","position":3,"name":"El libro negro de los colores"}]},{"@type":"WebSite","@id":"https:\/\/librosdelzorrorojo.com\/#website","url":"https:\/\/librosdelzorrorojo.com\/","name":"Libros del Zorro Rojo","description":"Libros ilustrados","potentialAction":[{"@type":"SearchAction","target":{"@type":"EntryPoint","urlTemplate":"https:\/\/librosdelzorrorojo.com\/?s={search_term_string}"},"query-input":{"@type":"PropertyValueSpecification","valueRequired":true,"valueName":"search_term_string"}}],"inLanguage":"ca"}]}},"_links":{"self":[{"href":"https:\/\/librosdelzorrorojo.com\/ca\/wp-json\/wp\/v2\/product\/12326","targetHints":{"allow":["GET"]}}],"collection":[{"href":"https:\/\/librosdelzorrorojo.com\/ca\/wp-json\/wp\/v2\/product"}],"about":[{"href":"https:\/\/librosdelzorrorojo.com\/ca\/wp-json\/wp\/v2\/types\/product"}],"wp:featuredmedia":[{"embeddable":true,"href":"https:\/\/librosdelzorrorojo.com\/ca\/wp-json\/wp\/v2\/media\/11595"}],"wp:attachment":[{"href":"https:\/\/librosdelzorrorojo.com\/ca\/wp-json\/wp\/v2\/media?parent=12326"}],"wp:term":[{"taxonomy":"product_brand","embeddable":true,"href":"https:\/\/librosdelzorrorojo.com\/ca\/wp-json\/wp\/v2\/product_brand?post=12326"},{"taxonomy":"product_cat","embeddable":true,"href":"https:\/\/librosdelzorrorojo.com\/ca\/wp-json\/wp\/v2\/product_cat?post=12326"},{"taxonomy":"product_tag","embeddable":true,"href":"https:\/\/librosdelzorrorojo.com\/ca\/wp-json\/wp\/v2\/product_tag?post=12326"}],"curies":[{"name":"wp","href":"https:\/\/api.w.org\/{rel}","templated":true}]}}

<p class="p2">Una obra singular sobre la percepción del color. Ilustrado en relieve, este libro negro propone a todos los niños una experiencia sensorial inédita: percibir el color, sin necesidad de verlo. Una edición original de la prestigiosa editorial mejicana Tecolote, que mereció el primer premio en la categoría Nuevos Horizontes, otorgado por la Feria del Libro Infantil de Bologna 2007 y elegido por el <em>New York Times</em> entre los mejores libros ilustrados del 2008.</p>
<p><span>Mira el </span><span style="color: #ff0000"><a href="https://www.youtube.com/watch?v=aZvAzeedByA" target="_blank" rel="noopener noreferrer" style="color: #ff0000">booktrailer</a></span></p>
<p><img decoding="async" src="https://librosdelzorrorojo.com/wp-content/uploads/2017/09/logo-generalitat2.jpg" alt="" width="200" height="67" class="alignnone size-full wp-image-11152" /></p>
<p>&nbsp;</p>

Una obra singular sobre la percepción del color. Ilustrado en relieve, este libro negro propone a todos los niños una experiencia sensorial inédita: percibir el color, sin necesidad de verlo. Una edición original de la prestigiosa editorial mejicana Tecolote, que mereció el primer premio en la categoría Nuevos Horizontes, otorgado por la Feria del Libro Infantil de Bologna 2007 y elegido por el <em>New York Times</em> entre los mejores libros ilustrados del 2008.

<!-- This site is optimized with the Yoast SEO plugin v25.1 - https://yoast.com/wordpress/plugins/seo/ -->
<title>El libro negro de los colores El libro negro de los colores -</title>
<meta name="description" content="Una obra singular sobre la percepción del color. Ilustrado en relieve, este libro negro propone a todos los niños una experiencia sensorial inédita:" />
<meta name="robots" content="index, follow, max-snippet:-1, max-image-preview:large, max-video-preview:-1" />
<link rel="canonical" href="https://librosdelzorrorojo.com/ca/cataleg/el-libro-negro-de-los-colores/" />
<meta property="og:locale" content="ca_ES" />
<meta property="og:type" content="article" />
<meta property="og:title" content="El libro negro de los colores El libro negro de los colores -" />
<meta property="og:description" content="Una obra singular sobre la percepción del color. Ilustrado en relieve, este libro negro propone a todos los niños una experiencia sensorial inédita:" />
<meta property="og:url" content="https://librosdelzorrorojo.com/ca/cataleg/el-libro-negro-de-los-colores/" />
<meta property="og:site_name" content="Libros del Zorro Rojo" />
<meta property="article:modified_time" content="2024-02-29T10:38:56+00:00" />
<meta property="og:image" content="https://librosdelzorrorojo.com/wp-content/uploads/2000/01/COVER_Ellibronegrodeloscolores-1.png" />
	<meta property="og:image:width" content="850" />
	<meta property="og:image:height" content="532" />
	<meta property="og:image:type" content="image/png" />
<meta name="twitter:card" content="summary_large_image" />
<script type="application/ld+json" class="yoast-schema-graph">{"@context":"https://schema.org","@graph":[{"@type":"WebPage","@id":"https://librosdelzorrorojo.com/ca/cataleg/el-libro-negro-de-los-colores/","url":"https://librosdelzorrorojo.com/ca/cataleg/el-libro-negro-de-los-colores/","name":"El libro negro de los colores El libro negro de los colores -","isPartOf":{"@id":"https://librosdelzorrorojo.com/#website"},"primaryImageOfPage":{"@id":"https://librosdelzorrorojo.com/ca/cataleg/el-libro-negro-de-los-colores/#primaryimage"},"image":{"@id":"https://librosdelzorrorojo.com/ca/cataleg/el-libro-negro-de-los-colores/#primaryimage"},"thumbnailUrl":"https://librosdelzorrorojo.com/wp-content/uploads/2000/01/COVER_Ellibronegrodeloscolores-1.png","datePublished":"2019-08-01T10:00:36+00:00","dateModified":"2024-02-29T10:38:56+00:00","description":"Una obra singular sobre la percepción del color. Ilustrado en relieve, este libro negro propone a todos los niños una experiencia sensorial inédita:","breadcrumb":{"@id":"https://librosdelzorrorojo.com/ca/cataleg/el-libro-negro-de-los-colores/#breadcrumb"},"inLanguage":"ca","potentialAction":[{"@type":"ReadAction","target":["https://librosdelzorrorojo.com/ca/cataleg/el-libro-negro-de-los-colores/"]}]},{"@type":"ImageObject","inLanguage":"ca","@id":"https://librosdelzorrorojo.com/ca/cataleg/el-libro-negro-de-los-colores/#primaryimage","url":"https://librosdelzorrorojo.com/wp-content/uploads/2000/01/COVER_Ellibronegrodeloscolores-1.png","contentUrl":"https://librosdelzorrorojo.com/wp-content/uploads/2000/01/COVER_Ellibronegrodeloscolores-1.png","width":850,"height":532,"caption":"COVER Ellibronegrodeloscolores 1"},{"@type":"BreadcrumbList","@id":"https://librosdelzorrorojo.com/ca/cataleg/el-libro-negro-de-los-colores/#breadcrumb","itemListElement":[{"@type":"ListItem","position":1,"name":"Portada","item":"https://librosdelzorrorojo.com/ca/"},{"@type":"ListItem","position":2,"name":"Catàleg","item":"https://librosdelzorrorojo.com/ca/cataleg/"},{"@type":"ListItem","position":3,"name":"El libro negro de los colores"}]},{"@type":"WebSite","@id":"https://librosdelzorrorojo.com/#website","url":"https://librosdelzorrorojo.com/","name":"Libros del Zorro Rojo","description":"Libros ilustrados","potentialAction":[{"@type":"SearchAction","target":{"@type":"EntryPoint","urlTemplate":"https://librosdelzorrorojo.com/?s={search_term_string}"},"query-input":{"@type":"PropertyValueSpecification","valueRequired":true,"valueName":"search_term_string"}}],"inLanguage":"ca"}]}</script>
<!-- / Yoast SEO plugin. -->

Una obra singular sobre la percepción del color. Ilustrado en relieve, este libro negro propone a todos los niños una experiencia sensorial inédita:

Catàleg
