{"id":12318,"date":"2000-10-31T18:22:33","date_gmt":"2000-10-31T17:22:33","guid":{"rendered":"https:\/\/librosdelzorrorojo.com\/catalogo\/carlos-gardel-la-voz-del-rio-de-la-plata\/"},"modified":"2024-02-29T11:38:54","modified_gmt":"2024-02-29T10:38:54","slug":"carlos-gardel-la-voz-del-rio-de-la-plata","status":"publish","type":"product","link":"https:\/\/librosdelzorrorojo.com\/ca\/cataleg\/carlos-gardel-la-voz-del-rio-de-la-plata\/","title":{"rendered":"Carlos Gardel"},"content":{"rendered":"<p><span>\u00abEl Morocho del Abasto\u00bb, \u00abel Mudo\u00bb, \u00abel Zorzal Criollo\u00bb, \u00abel Mago\u00bb y hasta \u00absan Carlos\u00bb, es el personaje que cautiva a dos expertos que enfrentan sus antag\u00f3nicas visiones en un debate televisado sobre su vida y obra. Un enigm\u00e1tico anciano que afirma haber causado la muerte de Gardel protesta frente al televisor. As\u00ed comienza esta inquietante novela gr\u00e1fica. Libros del Zorro Rojo publica esta obra de manera integral, completa y definitiva, incluyendo a modo de pr\u00f3logo un sugerente texto de Julio Cort\u00e1zar sobre Carlos Gardel, publicado en 1953 en la revista Sur de Buenos Aires.<\/span><\/p>\n","protected":false},"excerpt":{"rendered":"<span>\u00abEl Morocho del Abasto\u00bb, \u00abel Mudo\u00bb, \u00abel Zorzal Criollo\u00bb, \u00abel Mago\u00bb y hasta \u00absan Carlos\u00bb, es el personaje que cautiva a dos expertos que enfrentan sus antag\u00f3nicas visiones en un debate televisado sobre su vida y obra. Un enigm\u00e1tico anciano que afirma haber causado la muerte de Gardel protesta frente al televisor. As\u00ed comienza esta inquietante novela gr\u00e1fica. Libros del Zorro Rojo publica esta obra de manera integral, completa y definitiva, incluyendo a modo de pr\u00f3logo un sugerente texto de Julio Cort\u00e1zar sobre Carlos Gardel, publicado en 1953 en la revista Sur de Buenos Aires.<\/span>","protected":false},"featured_media":11597,"template":"","meta":{"_acf_changed":false},"product_brand":[],"product_cat":[844,3156],"product_tag":[],"class_list":{"0":"post-12318","1":"product","2":"type-product","3":"status-publish","4":"has-post-thumbnail","6":"product_cat-castella","7":"product_cat-juvenil-adult","9":"first","10":"instock","11":"taxable","12":"shipping-taxable","13":"purchasable","14":"product-type-simple"},"acf":[],"yoast_head":"<!-- This site is optimized with the Yoast SEO plugin v25.1 - https:\/\/yoast.com\/wordpress\/plugins\/seo\/ -->\n<title>Carlos Gardel - Libros del Zorro Rojo<\/title>\n<meta name=\"description\" content=\"Carlos Gardel, R\u00edo de la Plata, Julio Cort\u00e1zar, novela gr\u00e1fica, enigm\u00e1tico anciano, muerte, revista Sur de Buenos Aires, tango\" \/>\n<meta name=\"robots\" content=\"index, follow, max-snippet:-1, max-image-preview:large, max-video-preview:-1\" \/>\n<link rel=\"canonical\" href=\"https:\/\/librosdelzorrorojo.com\/ca\/cataleg\/carlos-gardel-la-voz-del-rio-de-la-plata\/\" \/>\n<meta property=\"og:locale\" content=\"ca_ES\" \/>\n<meta property=\"og:type\" content=\"article\" \/>\n<meta property=\"og:title\" content=\"Carlos Gardel - Libros del Zorro Rojo\" \/>\n<meta property=\"og:description\" content=\"Carlos Gardel, R\u00edo de la Plata, Julio Cort\u00e1zar, novela gr\u00e1fica, enigm\u00e1tico anciano, muerte, revista Sur de Buenos Aires, tango\" \/>\n<meta property=\"og:url\" content=\"https:\/\/librosdelzorrorojo.com\/ca\/cataleg\/carlos-gardel-la-voz-del-rio-de-la-plata\/\" \/>\n<meta property=\"og:site_name\" content=\"Libros del Zorro Rojo\" \/>\n<meta property=\"article:modified_time\" content=\"2024-02-29T10:38:54+00:00\" \/>\n<meta property=\"og:image\" content=\"https:\/\/librosdelzorrorojo.com\/wp-content\/uploads\/2000\/10\/Cover_Gardel-WEB.png\" \/>\n\t<meta property=\"og:image:width\" content=\"850\" \/>\n\t<meta property=\"og:image:height\" content=\"1079\" \/>\n\t<meta property=\"og:image:type\" content=\"image\/png\" \/>\n<meta name=\"twitter:card\" content=\"summary_large_image\" \/>\n<script type=\"application\/ld+json\" class=\"yoast-schema-graph\">{\"@context\":\"https:\/\/schema.org\",\"@graph\":[{\"@type\":\"WebPage\",\"@id\":\"https:\/\/librosdelzorrorojo.com\/ca\/cataleg\/carlos-gardel-la-voz-del-rio-de-la-plata\/\",\"url\":\"https:\/\/librosdelzorrorojo.com\/ca\/cataleg\/carlos-gardel-la-voz-del-rio-de-la-plata\/\",\"name\":\"Carlos Gardel - Libros del Zorro Rojo\",\"isPartOf\":{\"@id\":\"https:\/\/librosdelzorrorojo.com\/#website\"},\"primaryImageOfPage\":{\"@id\":\"https:\/\/librosdelzorrorojo.com\/ca\/cataleg\/carlos-gardel-la-voz-del-rio-de-la-plata\/#primaryimage\"},\"image\":{\"@id\":\"https:\/\/librosdelzorrorojo.com\/ca\/cataleg\/carlos-gardel-la-voz-del-rio-de-la-plata\/#primaryimage\"},\"thumbnailUrl\":\"https:\/\/librosdelzorrorojo.com\/wp-content\/uploads\/2000\/10\/Cover_Gardel-WEB.png\",\"datePublished\":\"2000-10-31T17:22:33+00:00\",\"dateModified\":\"2024-02-29T10:38:54+00:00\",\"description\":\"Carlos Gardel, R\u00edo de la Plata, Julio Cort\u00e1zar, novela gr\u00e1fica, enigm\u00e1tico anciano, muerte, revista Sur de Buenos Aires, tango\",\"breadcrumb\":{\"@id\":\"https:\/\/librosdelzorrorojo.com\/ca\/cataleg\/carlos-gardel-la-voz-del-rio-de-la-plata\/#breadcrumb\"},\"inLanguage\":\"ca\",\"potentialAction\":[{\"@type\":\"ReadAction\",\"target\":[\"https:\/\/librosdelzorrorojo.com\/ca\/cataleg\/carlos-gardel-la-voz-del-rio-de-la-plata\/\"]}]},{\"@type\":\"ImageObject\",\"inLanguage\":\"ca\",\"@id\":\"https:\/\/librosdelzorrorojo.com\/ca\/cataleg\/carlos-gardel-la-voz-del-rio-de-la-plata\/#primaryimage\",\"url\":\"https:\/\/librosdelzorrorojo.com\/wp-content\/uploads\/2000\/10\/Cover_Gardel-WEB.png\",\"contentUrl\":\"https:\/\/librosdelzorrorojo.com\/wp-content\/uploads\/2000\/10\/Cover_Gardel-WEB.png\",\"width\":850,\"height\":1079,\"caption\":\"Cover Gardel WEB\"},{\"@type\":\"BreadcrumbList\",\"@id\":\"https:\/\/librosdelzorrorojo.com\/ca\/cataleg\/carlos-gardel-la-voz-del-rio-de-la-plata\/#breadcrumb\",\"itemListElement\":[{\"@type\":\"ListItem\",\"position\":1,\"name\":\"Portada\",\"item\":\"https:\/\/librosdelzorrorojo.com\/ca\/\"},{\"@type\":\"ListItem\",\"position\":2,\"name\":\"Cat\u00e0leg\",\"item\":\"https:\/\/librosdelzorrorojo.com\/ca\/cataleg\/\"},{\"@type\":\"ListItem\",\"position\":3,\"name\":\"Carlos Gardel\"}]},{\"@type\":\"WebSite\",\"@id\":\"https:\/\/librosdelzorrorojo.com\/#website\",\"url\":\"https:\/\/librosdelzorrorojo.com\/\",\"name\":\"Libros del Zorro Rojo\",\"description\":\"Libros ilustrados\",\"potentialAction\":[{\"@type\":\"SearchAction\",\"target\":{\"@type\":\"EntryPoint\",\"urlTemplate\":\"https:\/\/librosdelzorrorojo.com\/?s={search_term_string}\"},\"query-input\":{\"@type\":\"PropertyValueSpecification\",\"valueRequired\":true,\"valueName\":\"search_term_string\"}}],\"inLanguage\":\"ca\"}]}<\/script>\n<!-- \/ Yoast SEO plugin. -->","yoast_head_json":{"title":"Carlos Gardel - Libros del Zorro Rojo","description":"Carlos Gardel, R\u00edo de la Plata, Julio Cort\u00e1zar, novela gr\u00e1fica, enigm\u00e1tico anciano, muerte, revista Sur de Buenos Aires, tango","robots":{"index":"index","follow":"follow","max-snippet":"max-snippet:-1","max-image-preview":"max-image-preview:large","max-video-preview":"max-video-preview:-1"},"canonical":"https:\/\/librosdelzorrorojo.com\/ca\/cataleg\/carlos-gardel-la-voz-del-rio-de-la-plata\/","og_locale":"ca_ES","og_type":"article","og_title":"Carlos Gardel - Libros del Zorro Rojo","og_description":"Carlos Gardel, R\u00edo de la Plata, Julio Cort\u00e1zar, novela gr\u00e1fica, enigm\u00e1tico anciano, muerte, revista Sur de Buenos Aires, tango","og_url":"https:\/\/librosdelzorrorojo.com\/ca\/cataleg\/carlos-gardel-la-voz-del-rio-de-la-plata\/","og_site_name":"Libros del Zorro Rojo","article_modified_time":"2024-02-29T10:38:54+00:00","og_image":[{"width":850,"height":1079,"url":"https:\/\/librosdelzorrorojo.com\/wp-content\/uploads\/2000\/10\/Cover_Gardel-WEB.png","type":"image\/png"}],"twitter_card":"summary_large_image","schema":{"@context":"https:\/\/schema.org","@graph":[{"@type":"WebPage","@id":"https:\/\/librosdelzorrorojo.com\/ca\/cataleg\/carlos-gardel-la-voz-del-rio-de-la-plata\/","url":"https:\/\/librosdelzorrorojo.com\/ca\/cataleg\/carlos-gardel-la-voz-del-rio-de-la-plata\/","name":"Carlos Gardel - Libros del Zorro Rojo","isPartOf":{"@id":"https:\/\/librosdelzorrorojo.com\/#website"},"primaryImageOfPage":{"@id":"https:\/\/librosdelzorrorojo.com\/ca\/cataleg\/carlos-gardel-la-voz-del-rio-de-la-plata\/#primaryimage"},"image":{"@id":"https:\/\/librosdelzorrorojo.com\/ca\/cataleg\/carlos-gardel-la-voz-del-rio-de-la-plata\/#primaryimage"},"thumbnailUrl":"https:\/\/librosdelzorrorojo.com\/wp-content\/uploads\/2000\/10\/Cover_Gardel-WEB.png","datePublished":"2000-10-31T17:22:33+00:00","dateModified":"2024-02-29T10:38:54+00:00","description":"Carlos Gardel, R\u00edo de la Plata, Julio Cort\u00e1zar, novela gr\u00e1fica, enigm\u00e1tico anciano, muerte, revista Sur de Buenos Aires, tango","breadcrumb":{"@id":"https:\/\/librosdelzorrorojo.com\/ca\/cataleg\/carlos-gardel-la-voz-del-rio-de-la-plata\/#breadcrumb"},"inLanguage":"ca","potentialAction":[{"@type":"ReadAction","target":["https:\/\/librosdelzorrorojo.com\/ca\/cataleg\/carlos-gardel-la-voz-del-rio-de-la-plata\/"]}]},{"@type":"ImageObject","inLanguage":"ca","@id":"https:\/\/librosdelzorrorojo.com\/ca\/cataleg\/carlos-gardel-la-voz-del-rio-de-la-plata\/#primaryimage","url":"https:\/\/librosdelzorrorojo.com\/wp-content\/uploads\/2000\/10\/Cover_Gardel-WEB.png","contentUrl":"https:\/\/librosdelzorrorojo.com\/wp-content\/uploads\/2000\/10\/Cover_Gardel-WEB.png","width":850,"height":1079,"caption":"Cover Gardel WEB"},{"@type":"BreadcrumbList","@id":"https:\/\/librosdelzorrorojo.com\/ca\/cataleg\/carlos-gardel-la-voz-del-rio-de-la-plata\/#breadcrumb","itemListElement":[{"@type":"ListItem","position":1,"name":"Portada","item":"https:\/\/librosdelzorrorojo.com\/ca\/"},{"@type":"ListItem","position":2,"name":"Cat\u00e0leg","item":"https:\/\/librosdelzorrorojo.com\/ca\/cataleg\/"},{"@type":"ListItem","position":3,"name":"Carlos Gardel"}]},{"@type":"WebSite","@id":"https:\/\/librosdelzorrorojo.com\/#website","url":"https:\/\/librosdelzorrorojo.com\/","name":"Libros del Zorro Rojo","description":"Libros ilustrados","potentialAction":[{"@type":"SearchAction","target":{"@type":"EntryPoint","urlTemplate":"https:\/\/librosdelzorrorojo.com\/?s={search_term_string}"},"query-input":{"@type":"PropertyValueSpecification","valueRequired":true,"valueName":"search_term_string"}}],"inLanguage":"ca"}]}},"_links":{"self":[{"href":"https:\/\/librosdelzorrorojo.com\/ca\/wp-json\/wp\/v2\/product\/12318","targetHints":{"allow":["GET"]}}],"collection":[{"href":"https:\/\/librosdelzorrorojo.com\/ca\/wp-json\/wp\/v2\/product"}],"about":[{"href":"https:\/\/librosdelzorrorojo.com\/ca\/wp-json\/wp\/v2\/types\/product"}],"wp:featuredmedia":[{"embeddable":true,"href":"https:\/\/librosdelzorrorojo.com\/ca\/wp-json\/wp\/v2\/media\/11597"}],"wp:attachment":[{"href":"https:\/\/librosdelzorrorojo.com\/ca\/wp-json\/wp\/v2\/media?parent=12318"}],"wp:term":[{"taxonomy":"product_brand","embeddable":true,"href":"https:\/\/librosdelzorrorojo.com\/ca\/wp-json\/wp\/v2\/product_brand?post=12318"},{"taxonomy":"product_cat","embeddable":true,"href":"https:\/\/librosdelzorrorojo.com\/ca\/wp-json\/wp\/v2\/product_cat?post=12318"},{"taxonomy":"product_tag","embeddable":true,"href":"https:\/\/librosdelzorrorojo.com\/ca\/wp-json\/wp\/v2\/product_tag?post=12318"}],"curies":[{"name":"wp","href":"https:\/\/api.w.org\/{rel}","templated":true}]}}

<p><span>«El Morocho del Abasto», «el Mudo», «el Zorzal Criollo», «el Mago» y hasta «san Carlos», es el personaje que cautiva a dos expertos que enfrentan sus antagónicas visiones en un debate televisado sobre su vida y obra. Un enigmático anciano que afirma haber causado la muerte de Gardel protesta frente al televisor. Así comienza esta inquietante novela gráfica. Libros del Zorro Rojo publica esta obra de manera integral, completa y definitiva, incluyendo a modo de prólogo un sugerente texto de Julio Cortázar sobre Carlos Gardel, publicado en 1953 en la revista Sur de Buenos Aires.</span></p>

<span>«El Morocho del Abasto», «el Mudo», «el Zorzal Criollo», «el Mago» y hasta «san Carlos», es el personaje que cautiva a dos expertos que enfrentan sus antagónicas visiones en un debate televisado sobre su vida y obra. Un enigmático anciano que afirma haber causado la muerte de Gardel protesta frente al televisor. Así comienza esta inquietante novela gráfica. Libros del Zorro Rojo publica esta obra de manera integral, completa y definitiva, incluyendo a modo de prólogo un sugerente texto de Julio Cortázar sobre Carlos Gardel, publicado en 1953 en la revista Sur de Buenos Aires.</span>

<!-- This site is optimized with the Yoast SEO plugin v25.1 - https://yoast.com/wordpress/plugins/seo/ -->
<title>Carlos Gardel - Libros del Zorro Rojo</title>
<meta name="description" content="Carlos Gardel, Río de la Plata, Julio Cortázar, novela gráfica, enigmático anciano, muerte, revista Sur de Buenos Aires, tango" />
<meta name="robots" content="index, follow, max-snippet:-1, max-image-preview:large, max-video-preview:-1" />
<link rel="canonical" href="https://librosdelzorrorojo.com/ca/cataleg/carlos-gardel-la-voz-del-rio-de-la-plata/" />
<meta property="og:locale" content="ca_ES" />
<meta property="og:type" content="article" />
<meta property="og:title" content="Carlos Gardel - Libros del Zorro Rojo" />
<meta property="og:description" content="Carlos Gardel, Río de la Plata, Julio Cortázar, novela gráfica, enigmático anciano, muerte, revista Sur de Buenos Aires, tango" />
<meta property="og:url" content="https://librosdelzorrorojo.com/ca/cataleg/carlos-gardel-la-voz-del-rio-de-la-plata/" />
<meta property="og:site_name" content="Libros del Zorro Rojo" />
<meta property="article:modified_time" content="2024-02-29T10:38:54+00:00" />
<meta property="og:image" content="https://librosdelzorrorojo.com/wp-content/uploads/2000/10/Cover_Gardel-WEB.png" />
	<meta property="og:image:width" content="850" />
	<meta property="og:image:height" content="1079" />
	<meta property="og:image:type" content="image/png" />
<meta name="twitter:card" content="summary_large_image" />
<script type="application/ld+json" class="yoast-schema-graph">{"@context":"https://schema.org","@graph":[{"@type":"WebPage","@id":"https://librosdelzorrorojo.com/ca/cataleg/carlos-gardel-la-voz-del-rio-de-la-plata/","url":"https://librosdelzorrorojo.com/ca/cataleg/carlos-gardel-la-voz-del-rio-de-la-plata/","name":"Carlos Gardel - Libros del Zorro Rojo","isPartOf":{"@id":"https://librosdelzorrorojo.com/#website"},"primaryImageOfPage":{"@id":"https://librosdelzorrorojo.com/ca/cataleg/carlos-gardel-la-voz-del-rio-de-la-plata/#primaryimage"},"image":{"@id":"https://librosdelzorrorojo.com/ca/cataleg/carlos-gardel-la-voz-del-rio-de-la-plata/#primaryimage"},"thumbnailUrl":"https://librosdelzorrorojo.com/wp-content/uploads/2000/10/Cover_Gardel-WEB.png","datePublished":"2000-10-31T17:22:33+00:00","dateModified":"2024-02-29T10:38:54+00:00","description":"Carlos Gardel, Río de la Plata, Julio Cortázar, novela gráfica, enigmático anciano, muerte, revista Sur de Buenos Aires, tango","breadcrumb":{"@id":"https://librosdelzorrorojo.com/ca/cataleg/carlos-gardel-la-voz-del-rio-de-la-plata/#breadcrumb"},"inLanguage":"ca","potentialAction":[{"@type":"ReadAction","target":["https://librosdelzorrorojo.com/ca/cataleg/carlos-gardel-la-voz-del-rio-de-la-plata/"]}]},{"@type":"ImageObject","inLanguage":"ca","@id":"https://librosdelzorrorojo.com/ca/cataleg/carlos-gardel-la-voz-del-rio-de-la-plata/#primaryimage","url":"https://librosdelzorrorojo.com/wp-content/uploads/2000/10/Cover_Gardel-WEB.png","contentUrl":"https://librosdelzorrorojo.com/wp-content/uploads/2000/10/Cover_Gardel-WEB.png","width":850,"height":1079,"caption":"Cover Gardel WEB"},{"@type":"BreadcrumbList","@id":"https://librosdelzorrorojo.com/ca/cataleg/carlos-gardel-la-voz-del-rio-de-la-plata/#breadcrumb","itemListElement":[{"@type":"ListItem","position":1,"name":"Portada","item":"https://librosdelzorrorojo.com/ca/"},{"@type":"ListItem","position":2,"name":"Catàleg","item":"https://librosdelzorrorojo.com/ca/cataleg/"},{"@type":"ListItem","position":3,"name":"Carlos Gardel"}]},{"@type":"WebSite","@id":"https://librosdelzorrorojo.com/#website","url":"https://librosdelzorrorojo.com/","name":"Libros del Zorro Rojo","description":"Libros ilustrados","potentialAction":[{"@type":"SearchAction","target":{"@type":"EntryPoint","urlTemplate":"https://librosdelzorrorojo.com/?s={search_term_string}"},"query-input":{"@type":"PropertyValueSpecification","valueRequired":true,"valueName":"search_term_string"}}],"inLanguage":"ca"}]}</script>
<!-- / Yoast SEO plugin. -->

Carlos Gardel, Río de la Plata, Julio Cortázar, novela gráfica, enigmático anciano, muerte, revista Sur de Buenos Aires, tango

Catàleg
